{"id":7047,"date":"2021-11-18T01:09:20","date_gmt":"2021-11-18T01:09:20","guid":{"rendered":"https:\/\/www.uees.edu.sv\/juegosdelhonor\/?page_id=7047"},"modified":"2021-11-18T12:45:04","modified_gmt":"2021-11-18T12:45:04","slug":"jueves","status":"publish","type":"page","link":"https:\/\/www.uees.edu.sv\/juegosdelhonor\/jueves\/","title":{"rendered":"Jueves 18"},"content":{"rendered":"\t\t<div data-elementor-type=\"wp-page\" data-elementor-id=\"7047\" class=\"elementor elementor-7047\" data-elementor-settings=\"[]\">\n\t\t\t\t\t\t\t<div class=\"elementor-section-wrap\">\n\t\t\t\t\t\t\t<section class=\"elementor-section elementor-top-section elementor-element elementor-element-65ff7c3 elementor-section-boxed elementor-section-height-default elementor-section-height-default\" data-id=\"65ff7c3\" data-element_type=\"section\">\n\t\t\t\t\t\t<div class=\"elementor-container elementor-column-gap-default\">\n\t\t\t\t\t<div class=\"elementor-column elementor-col-100 elementor-top-column elementor-element elementor-element-511cb6b\" data-id=\"511cb6b\" data-element_type=\"column\">\n\t\t\t<div class=\"elementor-widget-wrap elementor-element-populated\">\n\t\t\t\t\t\t\t\t<div class=\"elementor-element elementor-element-4167d3b elementor-widget elementor-widget-image\" data-id=\"4167d3b\" data-element_type=\"widget\" data-widget_type=\"image.default\">\n\t\t\t\t<div class=\"elementor-widget-container\">\n\t\t\t\t\t\t\t\t\t\t\t\t\t\t\t<img loading=\"lazy\" decoding=\"async\" width=\"950\" height=\"223\" src=\"https:\/\/www.uees.edu.sv\/juegosdelhonor\/wp-content\/uploads\/2021\/11\/Jueves-Integridad-banner_Mesa-de-trabajo-1-1024x240.png\" class=\"attachment-large size-large\" alt=\"\" srcset=\"https:\/\/www.uees.edu.sv\/juegosdelhonor\/wp-content\/uploads\/2021\/11\/Jueves-Integridad-banner_Mesa-de-trabajo-1-1024x240.png 1024w, https:\/\/www.uees.edu.sv\/juegosdelhonor\/wp-content\/uploads\/2021\/11\/Jueves-Integridad-banner_Mesa-de-trabajo-1-300x70.png 300w, https:\/\/www.uees.edu.sv\/juegosdelhonor\/wp-content\/uploads\/2021\/11\/Jueves-Integridad-banner_Mesa-de-trabajo-1-768x180.png 768w, https:\/\/www.uees.edu.sv\/juegosdelhonor\/wp-content\/uploads\/2021\/11\/Jueves-Integridad-banner_Mesa-de-trabajo-1.png 1280w\" sizes=\"auto, 100vw\" \/>\t\t\t\t\t\t\t\t\t\t\t\t\t\t\t<\/div>\n\t\t\t\t<\/div>\n\t\t\t\t\t<\/div>\n\t\t<\/div>\n\t\t\t\t\t\t\t<\/div>\n\t\t<\/section>\n\t\t\t\t<section class=\"elementor-section elementor-top-section elementor-element elementor-element-10e20158 elementor-section-boxed elementor-section-height-default elementor-section-height-default\" data-id=\"10e20158\" data-element_type=\"section\">\n\t\t\t\t\t\t<div class=\"elementor-container elementor-column-gap-default\">\n\t\t\t\t\t<div class=\"elementor-column elementor-col-100 elementor-top-column elementor-element elementor-element-4667b81b\" data-id=\"4667b81b\" data-element_type=\"column\">\n\t\t\t<div class=\"elementor-widget-wrap elementor-element-populated\">\n\t\t\t\t\t\t\t\t<div class=\"elementor-element elementor-element-472f5c2f elementor-widget elementor-widget-text-editor\" data-id=\"472f5c2f\" data-element_type=\"widget\" data-widget_type=\"text-editor.default\">\n\t\t\t\t<div class=\"elementor-widget-container\">\n\t\t\t\t\t\t\t<h3 style=\"text-align: center;\"><strong>DEVOCIONAL DEL D\u00cdA<\/strong><\/h3><p style=\"text-align: center;\"><span style=\"font-weight: 400;\">Por lo cual, teniendo nosotros este ministerio seg\u00fan la misericordia que hemos recibido, no desmayamos. Antes bien renunciamos a lo oculto y vergonzoso, no andando con astucia, ni adulterando la palabra de Dios, sino por la manifestaci\u00f3n de la verdad recomend\u00e1ndonos a toda conciencia humana delante de Dios. <\/span><\/p><p style=\"text-align: center;\"><strong>2 Corintios 4: 1-2 (RVR60)<\/strong><\/p>\t\t\t\t\t\t<\/div>\n\t\t\t\t<\/div>\n\t\t\t\t\t<\/div>\n\t\t<\/div>\n\t\t\t\t\t\t\t<\/div>\n\t\t<\/section>\n\t\t\t\t<section class=\"elementor-section elementor-top-section elementor-element elementor-element-b8a1a40 elementor-section-boxed elementor-section-height-default elementor-section-height-default\" data-id=\"b8a1a40\" data-element_type=\"section\">\n\t\t\t\t\t\t<div class=\"elementor-container elementor-column-gap-default\">\n\t\t\t\t\t<div class=\"elementor-column elementor-col-100 elementor-top-column elementor-element elementor-element-88ade1c\" data-id=\"88ade1c\" data-element_type=\"column\">\n\t\t\t<div class=\"elementor-widget-wrap elementor-element-populated\">\n\t\t\t\t\t\t\t\t<div class=\"elementor-element elementor-element-ddb8f7d elementor-widget elementor-widget-heading\" data-id=\"ddb8f7d\" data-element_type=\"widget\" data-widget_type=\"heading.default\">\n\t\t\t\t<div class=\"elementor-widget-container\">\n\t\t\t<h2 class=\"elementor-heading-title elementor-size-default\">Reflexiona en esto:<\/h2>\t\t<\/div>\n\t\t\t\t<\/div>\n\t\t\t\t\t<\/div>\n\t\t<\/div>\n\t\t\t\t\t\t\t<\/div>\n\t\t<\/section>\n\t\t\t\t<section class=\"elementor-section elementor-top-section elementor-element elementor-element-3c81500 elementor-section-boxed elementor-section-height-default elementor-section-height-default\" data-id=\"3c81500\" data-element_type=\"section\">\n\t\t\t\t\t\t<div class=\"elementor-container elementor-column-gap-default\">\n\t\t\t\t\t<div class=\"elementor-column elementor-col-100 elementor-top-column elementor-element elementor-element-de61035\" data-id=\"de61035\" data-element_type=\"column\">\n\t\t\t<div class=\"elementor-widget-wrap elementor-element-populated\">\n\t\t\t\t\t\t\t\t<div class=\"elementor-element elementor-element-4f4dcd5 elementor-widget elementor-widget-text-editor\" data-id=\"4f4dcd5\" data-element_type=\"widget\" data-widget_type=\"text-editor.default\">\n\t\t\t\t<div class=\"elementor-widget-container\">\n\t\t\t\t\t\t\t<p><span style=\"font-weight: 400;\">Pueda que las pel\u00edculas de hoy en d\u00eda te hayan formado un concepto de \u201chonor\u201d que se queda limitado a un solo gran evento her\u00f3ico, lo cual no te ayuda a considerar el hecho de que realmente el poder honrar a Dios es algo que puedes hacer todos los d\u00edas, considera el por ejemplo lo que Pablo le dice a los corintios, en este discurso, pr\u00e1cticamente eligen <strong>el vivir una vida en integridad<\/strong>, lo cual es su forma de darle honor a Dios y vivir una vida honrosa.\u00a0<\/span><\/p><p><span style=\"font-weight: 400;\">El ap\u00f3stol reconoce que han recibido una gran responsabilidad de parte del Se\u00f1or, la responsabilidad del ministerio, por lo que no se rinden, eligen vivir una vida en integridad, no es un momento de buenas intenciones nada m\u00e1s, sino que la convicci\u00f3n de elegir honrar a Dios de ahora en adelante en todo aspecto de sus vidas, de forma p\u00fablica y completa.<\/span><\/p><p><span style=\"font-weight: 400;\">Pablo y los Corintios deciden de forma personal renunciar a lo oculto, pues no hay honra en ello, dicen, sino que verg\u00fcenza, que es justo lo contrario al honor, no buscan andar enga\u00f1ando torciendo la Palabra de Dios a su antojo y beneficio, sino que se entregan y se comprometen a ser diferentes, exponi\u00e9ndose a la verdad, la verdad que Dios revela a trav\u00e9s de Cristo mismo, hablan solo la verdad, viven solo la verdad, comparten solo la verdad. Esto, aplicado a tu vidas, se trata de presentarte como realmente eres ante las dem\u00e1s personas, que puedan ver los cambios en ti, para la \u00fanica honra de nuestro Se\u00f1or y Salvador.\u00a0<\/span><\/p><p><span style=\"font-weight: 400;\">As\u00ed que, como futuro profesional, este es un pilar fundamental de tu \u00e9tica de trabajo, el ser un profesional integral <strong>que no se corrompe ante lo vergonzoso que se hace en lo oculto<\/strong>, sino que se dirige enteramente por la verdad, no por imposici\u00f3n sino por la convicci\u00f3n alcanza por decisi\u00f3n personal. <\/span><\/p>\t\t\t\t\t\t<\/div>\n\t\t\t\t<\/div>\n\t\t\t\t\t<\/div>\n\t\t<\/div>\n\t\t\t\t\t\t\t<\/div>\n\t\t<\/section>\n\t\t\t\t<section class=\"elementor-section elementor-top-section elementor-element elementor-element-7ff50d2 elementor-section-boxed elementor-section-height-default elementor-section-height-default\" data-id=\"7ff50d2\" data-element_type=\"section\">\n\t\t\t\t\t\t<div class=\"elementor-container elementor-column-gap-default\">\n\t\t\t\t\t<div class=\"elementor-column elementor-col-100 elementor-top-column elementor-element elementor-element-c7067d9\" data-id=\"c7067d9\" data-element_type=\"column\">\n\t\t\t<div class=\"elementor-widget-wrap elementor-element-populated\">\n\t\t\t\t\t\t\t\t<div class=\"elementor-element elementor-element-f4e7e89 elementor-widget elementor-widget-text-editor\" data-id=\"f4e7e89\" data-element_type=\"widget\" data-widget_type=\"text-editor.default\">\n\t\t\t\t<div class=\"elementor-widget-container\">\n\t\t\t\t\t\t\t<p style=\"line-height: 1.7999999999999998; text-align: justify; margin-top: 0pt; margin-bottom: 0pt;\"><span style=\"font-size: 12pt; font-family: Arial; color: #000000; background-color: transparent; font-weight: bold; font-style: normal; font-variant: normal; text-decoration: none; vertical-align: baseline; white-space: pre-wrap;\">Pong\u00e1moslo a Prueba:<\/span><\/p><p dir=\"ltr\" style=\"line-height: 1.7999999999999998; text-align: justify; margin-top: 0pt; margin-bottom: 0pt;\"><span style=\"font-weight: 400;\">Si buscas ser un profesional de buena calidad que honre a Dios y que recibe la honra que da el Se\u00f1or, necesitas ser un estudiante integral; un estudiante que se dirige como Pablo le ense\u00f1\u00f3 a los corintios es un estudiante que vive bajo la verdad su d\u00eda a d\u00eda. No se trata de tener siempre las mejores notas, pero que puedas estar orgulloso de tu esfuerzo y tener la convicci\u00f3n que est\u00e1s dando lo mejor de ti, sin necesidad de hacer trampas o de atajos, sino porque buscas ser el mejor profesional que se pueda ser, cumpliendo con la vocaci\u00f3n y honrando a Dios en el proceso.<\/span><\/p>\t\t\t\t\t\t<\/div>\n\t\t\t\t<\/div>\n\t\t\t\t\t<\/div>\n\t\t<\/div>\n\t\t\t\t\t\t\t<\/div>\n\t\t<\/section>\n\t\t\t\t<section class=\"elementor-section elementor-top-section elementor-element elementor-element-1e590b7 elementor-section-boxed elementor-section-height-default elementor-section-height-default\" data-id=\"1e590b7\" data-element_type=\"section\">\n\t\t\t\t\t\t<div class=\"elementor-container elementor-column-gap-default\">\n\t\t\t\t\t<div class=\"elementor-column elementor-col-100 elementor-top-column elementor-element elementor-element-0c671d3\" data-id=\"0c671d3\" data-element_type=\"column\">\n\t\t\t<div class=\"elementor-widget-wrap elementor-element-populated\">\n\t\t\t\t\t\t\t\t<div class=\"elementor-element elementor-element-0644a62 elementor-widget elementor-widget-text-editor\" data-id=\"0644a62\" data-element_type=\"widget\" data-widget_type=\"text-editor.default\">\n\t\t\t\t<div class=\"elementor-widget-container\">\n\t\t\t\t\t\t\t<p><span style=\"color: #000000;\"><strong>Preg\u00fantate esto:<\/strong><\/span><\/p><p><span style=\"color: #000000;\">En esta parte es donde debes de tomar tu cuaderno y tomar notas de las respuestas a estas preguntas.<\/span><\/p><ul><li style=\"font-weight: 400;\" aria-level=\"1\"><span style=\"font-weight: 400;\">\u00bfC\u00f3mo se comporta un estudiante integral en sus evaluaciones o tareas?<\/span><\/li><li style=\"font-weight: 400;\" aria-level=\"1\"><span style=\"font-weight: 400;\">\u00bfQu\u00e9 puedes hacer para honrar a Dios al estar con tus compa\u00f1eros?<\/span><\/li><li style=\"font-weight: 400;\" aria-level=\"1\"><span style=\"font-weight: 400;\">\u00bfDiriges tu vida por la verdad de Dios o por las opiniones propias o de otros?<\/span><\/li><\/ul>\t\t\t\t\t\t<\/div>\n\t\t\t\t<\/div>\n\t\t\t\t\t<\/div>\n\t\t<\/div>\n\t\t\t\t\t\t\t<\/div>\n\t\t<\/section>\n\t\t\t\t<section class=\"elementor-section elementor-top-section elementor-element elementor-element-2de6956 elementor-section-boxed elementor-section-height-default elementor-section-height-default\" data-id=\"2de6956\" data-element_type=\"section\">\n\t\t\t\t\t\t<div class=\"elementor-container elementor-column-gap-default\">\n\t\t\t\t\t<div class=\"elementor-column elementor-col-100 elementor-top-column elementor-element elementor-element-46acb87\" data-id=\"46acb87\" data-element_type=\"column\">\n\t\t\t<div class=\"elementor-widget-wrap elementor-element-populated\">\n\t\t\t\t\t\t\t\t<div class=\"elementor-element elementor-element-7d69302 elementor-widget elementor-widget-image\" data-id=\"7d69302\" data-element_type=\"widget\" data-widget_type=\"image.default\">\n\t\t\t\t<div class=\"elementor-widget-container\">\n\t\t\t\t\t\t\t\t\t\t\t\t\t\t\t<img loading=\"lazy\" decoding=\"async\" width=\"950\" height=\"223\" src=\"https:\/\/www.uees.edu.sv\/juegosdelhonor\/wp-content\/uploads\/2021\/11\/RETO_Mesa-de-trabajo-1-1024x240.png\" class=\"attachment-large size-large\" alt=\"\" srcset=\"https:\/\/www.uees.edu.sv\/juegosdelhonor\/wp-content\/uploads\/2021\/11\/RETO_Mesa-de-trabajo-1-1024x240.png 1024w, https:\/\/www.uees.edu.sv\/juegosdelhonor\/wp-content\/uploads\/2021\/11\/RETO_Mesa-de-trabajo-1-300x70.png 300w, https:\/\/www.uees.edu.sv\/juegosdelhonor\/wp-content\/uploads\/2021\/11\/RETO_Mesa-de-trabajo-1-768x180.png 768w, https:\/\/www.uees.edu.sv\/juegosdelhonor\/wp-content\/uploads\/2021\/11\/RETO_Mesa-de-trabajo-1.png 1280w\" sizes=\"auto, 100vw\" \/>\t\t\t\t\t\t\t\t\t\t\t\t\t\t\t<\/div>\n\t\t\t\t<\/div>\n\t\t\t\t\t<\/div>\n\t\t<\/div>\n\t\t\t\t\t\t\t<\/div>\n\t\t<\/section>\n\t\t\t\t<section class=\"elementor-section elementor-top-section elementor-element elementor-element-0afa04b elementor-section-boxed elementor-section-height-default elementor-section-height-default\" data-id=\"0afa04b\" data-element_type=\"section\">\n\t\t\t\t\t\t<div class=\"elementor-container elementor-column-gap-default\">\n\t\t\t\t\t<div class=\"elementor-column elementor-col-100 elementor-top-column elementor-element elementor-element-cf0bbe2\" data-id=\"cf0bbe2\" data-element_type=\"column\">\n\t\t\t<div class=\"elementor-widget-wrap elementor-element-populated\">\n\t\t\t\t\t\t\t\t<div class=\"elementor-element elementor-element-35102ef elementor-widget elementor-widget-text-editor\" data-id=\"35102ef\" data-element_type=\"widget\" data-widget_type=\"text-editor.default\">\n\t\t\t\t<div class=\"elementor-widget-container\">\n\t\t\t\t\t\t\t<p style=\"text-align: left;\">No hay duda que Dios te ha hablado y te ha mostrado muchas\u00a0 verdades que puedes aplicar a tu vida, ahora <strong>te retamos a que puedas crear una imagen\u00a0<\/strong><span style=\"font-weight: bolder;\">(tipo post)<\/span><strong>\u00a0con un principio o frase de lo que aprendiste, y luego cargarla al final de esta p\u00e1gina.<\/strong><\/p><p>***El espacio para tu comentario lo en contratas al final de esta p\u00e1gina.**<\/p>\t\t\t\t\t\t<\/div>\n\t\t\t\t<\/div>\n\t\t\t\t\t<\/div>\n\t\t<\/div>\n\t\t\t\t\t\t\t<\/div>\n\t\t<\/section>\n\t\t\t\t<section class=\"elementor-section elementor-top-section elementor-element elementor-element-075eed0 elementor-section-boxed elementor-section-height-default elementor-section-height-default\" data-id=\"075eed0\" data-element_type=\"section\">\n\t\t\t\t\t\t<div class=\"elementor-container elementor-column-gap-default\">\n\t\t\t\t\t<div class=\"elementor-column elementor-col-100 elementor-top-column elementor-element elementor-element-bb7cb91\" data-id=\"bb7cb91\" data-element_type=\"column\">\n\t\t\t<div class=\"elementor-widget-wrap elementor-element-populated\">\n\t\t\t\t\t\t\t\t<div class=\"elementor-element elementor-element-7266e99 elementor-widget elementor-widget-image\" data-id=\"7266e99\" data-element_type=\"widget\" data-widget_type=\"image.default\">\n\t\t\t\t<div class=\"elementor-widget-container\">\n\t\t\t\t\t\t\t\t\t\t\t\t\t\t\t<img loading=\"lazy\" decoding=\"async\" width=\"950\" height=\"223\" src=\"https:\/\/www.uees.edu.sv\/juegosdelhonor\/wp-content\/uploads\/2021\/11\/CONFERENCIA-BANNER-ZOOM_Mesa-de-trabajo-1-1024x240.png\" class=\"attachment-large size-large\" alt=\"\" srcset=\"https:\/\/www.uees.edu.sv\/juegosdelhonor\/wp-content\/uploads\/2021\/11\/CONFERENCIA-BANNER-ZOOM_Mesa-de-trabajo-1-1024x240.png 1024w, https:\/\/www.uees.edu.sv\/juegosdelhonor\/wp-content\/uploads\/2021\/11\/CONFERENCIA-BANNER-ZOOM_Mesa-de-trabajo-1-300x70.png 300w, https:\/\/www.uees.edu.sv\/juegosdelhonor\/wp-content\/uploads\/2021\/11\/CONFERENCIA-BANNER-ZOOM_Mesa-de-trabajo-1-768x180.png 768w, https:\/\/www.uees.edu.sv\/juegosdelhonor\/wp-content\/uploads\/2021\/11\/CONFERENCIA-BANNER-ZOOM_Mesa-de-trabajo-1.png 1280w\" sizes=\"auto, 100vw\" \/>\t\t\t\t\t\t\t\t\t\t\t\t\t\t\t<\/div>\n\t\t\t\t<\/div>\n\t\t\t\t\t<\/div>\n\t\t<\/div>\n\t\t\t\t\t\t\t<\/div>\n\t\t<\/section>\n\t\t\t\t<section class=\"elementor-section elementor-top-section elementor-element elementor-element-89790a2 elementor-section-boxed elementor-section-height-default elementor-section-height-default\" data-id=\"89790a2\" data-element_type=\"section\">\n\t\t\t\t\t\t<div class=\"elementor-container elementor-column-gap-default\">\n\t\t\t\t\t<div class=\"elementor-column elementor-col-50 elementor-top-column elementor-element elementor-element-0548eda\" data-id=\"0548eda\" data-element_type=\"column\">\n\t\t\t<div class=\"elementor-widget-wrap elementor-element-populated\">\n\t\t\t\t\t\t\t\t<div class=\"elementor-element elementor-element-8e44429 elementor-widget elementor-widget-image\" data-id=\"8e44429\" data-element_type=\"widget\" data-widget_type=\"image.default\">\n\t\t\t\t<div class=\"elementor-widget-container\">\n\t\t\t\t\t\t\t\t\t\t\t\t\t\t\t<img loading=\"lazy\" decoding=\"async\" width=\"300\" height=\"300\" src=\"https:\/\/www.uees.edu.sv\/juegosdelhonor\/wp-content\/uploads\/2021\/11\/zoom-SAE-UEES-Secretaria-de-asuntos-espirituales.png\" class=\"attachment-large size-large\" alt=\"\" srcset=\"https:\/\/www.uees.edu.sv\/juegosdelhonor\/wp-content\/uploads\/2021\/11\/zoom-SAE-UEES-Secretaria-de-asuntos-espirituales.png 300w, https:\/\/www.uees.edu.sv\/juegosdelhonor\/wp-content\/uploads\/2021\/11\/zoom-SAE-UEES-Secretaria-de-asuntos-espirituales-150x150.png 150w\" sizes=\"auto, 100vw\" \/>\t\t\t\t\t\t\t\t\t\t\t\t\t\t\t<\/div>\n\t\t\t\t<\/div>\n\t\t\t\t\t<\/div>\n\t\t<\/div>\n\t\t\t\t<div class=\"elementor-column elementor-col-50 elementor-top-column elementor-element elementor-element-9f75f77\" data-id=\"9f75f77\" data-element_type=\"column\">\n\t\t\t<div class=\"elementor-widget-wrap elementor-element-populated\">\n\t\t\t\t\t\t\t\t<div class=\"elementor-element elementor-element-d69b318 elementor-widget elementor-widget-text-editor\" data-id=\"d69b318\" data-element_type=\"widget\" data-widget_type=\"text-editor.default\">\n\t\t\t\t<div class=\"elementor-widget-container\">\n\t\t\t\t\t\t\t<p style=\"text-align: center;\"><strong>SESI\u00d3N EN ZOOM: JUEGOS DEL HONOR <\/strong><\/p><p style=\"text-align: center;\">Recuerda reservar el tiempo para vernos por ZOOM, todos los d\u00edas 3:30 pm, donde tendremos un invitado especial.<\/p><p style=\"text-align: center;\">Unirse a la reuni\u00f3n Zoom<br \/><a href=\"https:\/\/zoom.us\/j\/97629823930\">https:\/\/zoom.us\/j\/97629823930<\/a><\/p><p style=\"text-align: center;\">ID de reuni\u00f3n: 976 2982 3930<\/p>\t\t\t\t\t\t<\/div>\n\t\t\t\t<\/div>\n\t\t\t\t\t<\/div>\n\t\t<\/div>\n\t\t\t\t\t\t\t<\/div>\n\t\t<\/section>\n\t\t\t\t<section class=\"elementor-section elementor-top-section elementor-element elementor-element-ea2f5e9 elementor-section-boxed elementor-section-height-default elementor-section-height-default\" data-id=\"ea2f5e9\" data-element_type=\"section\">\n\t\t\t\t\t\t<div class=\"elementor-container elementor-column-gap-default\">\n\t\t\t\t\t<div class=\"elementor-column elementor-col-100 elementor-top-column elementor-element elementor-element-f337563\" data-id=\"f337563\" data-element_type=\"column\">\n\t\t\t<div class=\"elementor-widget-wrap\">\n\t\t\t\t\t\t\t\t\t<\/div>\n\t\t<\/div>\n\t\t\t\t\t\t\t<\/div>\n\t\t<\/section>\n\t\t\t\t\t\t<\/div>\n\t\t\t\t\t<\/div>\n\t\t","protected":false},"excerpt":{"rendered":"<p>DEVOCIONAL DEL D\u00cdA Por lo cual, teniendo nosotros este ministerio seg\u00fan la misericordia que hemos recibido, no desmayamos. Antes bien renunciamos a lo oculto y vergonzoso, no andando con astucia, ni adulterando la palabra de Dios, sino por la manifestaci\u00f3n de la verdad recomend\u00e1ndonos a toda conciencia humana delante de Dios. 2 Corintios 4: 1-2 &hellip; <\/p>\n<p class=\"link-more\"><a href=\"https:\/\/www.uees.edu.sv\/juegosdelhonor\/jueves\/\" class=\"more-link\">Leer m\u00e1s<span class=\"screen-reader-text\"> \u00abJueves 18\u00bb<\/span><\/a><\/p>\n","protected":false},"author":1,"featured_media":0,"parent":0,"menu_order":0,"comment_status":"open","ping_status":"closed","template":"","meta":{"_monsterinsights_skip_tracking":false,"_monsterinsights_sitenote_active":false,"_monsterinsights_sitenote_note":"","_monsterinsights_sitenote_category":0,"footnotes":""},"class_list":["post-7047","page","type-page","status-publish","hentry"],"_links":{"self":[{"href":"https:\/\/www.uees.edu.sv\/juegosdelhonor\/wp-json\/wp\/v2\/pages\/7047","targetHints":{"allow":["GET"]}}],"collection":[{"href":"https:\/\/www.uees.edu.sv\/juegosdelhonor\/wp-json\/wp\/v2\/pages"}],"about":[{"href":"https:\/\/www.uees.edu.sv\/juegosdelhonor\/wp-json\/wp\/v2\/types\/page"}],"author":[{"embeddable":true,"href":"https:\/\/www.uees.edu.sv\/juegosdelhonor\/wp-json\/wp\/v2\/users\/1"}],"replies":[{"embeddable":true,"href":"https:\/\/www.uees.edu.sv\/juegosdelhonor\/wp-json\/wp\/v2\/comments?post=7047"}],"version-history":[{"count":25,"href":"https:\/\/www.uees.edu.sv\/juegosdelhonor\/wp-json\/wp\/v2\/pages\/7047\/revisions"}],"predecessor-version":[{"id":7079,"href":"https:\/\/www.uees.edu.sv\/juegosdelhonor\/wp-json\/wp\/v2\/pages\/7047\/revisions\/7079"}],"wp:attachment":[{"href":"https:\/\/www.uees.edu.sv\/juegosdelhonor\/wp-json\/wp\/v2\/media?parent=7047"}],"curies":[{"name":"wp","href":"https:\/\/api.w.org\/{rel}","templated":true}]}}