{"id":3037,"date":"2021-09-25T16:14:47","date_gmt":"2021-09-25T16:14:47","guid":{"rendered":"https:\/\/www.uees.edu.sv\/editorialuees\/?page_id=3037"},"modified":"2021-10-02T16:47:50","modified_gmt":"2021-10-02T16:47:50","slug":"publicaciones-manuales","status":"publish","type":"page","link":"https:\/\/www.uees.edu.sv\/editorialuees\/publicaciones-manuales\/","title":{"rendered":"Publicaciones Manuales"},"content":{"rendered":"\t\t<div data-elementor-type=\"wp-page\" data-elementor-id=\"3037\" class=\"elementor elementor-3037\" data-elementor-settings=\"[]\">\n\t\t\t\t\t\t\t<div class=\"elementor-section-wrap\">\n\t\t\t\t\t\t\t<section class=\"penci-section penci-disSticky penci-structure-20 elementor-section elementor-top-section elementor-element elementor-element-0ab59dc elementor-section-boxed elementor-section-height-default elementor-section-height-default\" data-id=\"0ab59dc\" data-element_type=\"section\">\n\t\t\t\t\t\t<div class=\"elementor-container elementor-column-gap-default\">\n\t\t\t\t\t<div class=\"penci-ercol-50 penci-ercol-order-1 penci-sticky-ct  elementor-column elementor-col-50 elementor-top-column elementor-element elementor-element-1868e1a\" data-id=\"1868e1a\" data-element_type=\"column\">\n\t\t\t<div class=\"elementor-widget-wrap elementor-element-populated\">\n\t\t\t\t\t\t\t\t<div class=\"elementor-element elementor-element-a4c6dab elementor-widget elementor-widget-image\" data-id=\"a4c6dab\" data-element_type=\"widget\" data-widget_type=\"image.default\">\n\t\t\t\t<div class=\"elementor-widget-container\">\n\t\t\t\t\t\t\t\t\t\t\t\t\t\t\t<img src=\"https:\/\/www.uees.edu.sv\/editorialuees\/wp-content\/uploads\/elementor\/thumbs\/portada-atlas-de-anato1-pete5borc7h2px3smkm0j9q9b369wjchlcpic9sxvo.jpg\" title=\"Imprimir\" alt=\"Imprimir\" \/>\t\t\t\t\t\t\t\t\t\t\t\t\t\t\t<\/div>\n\t\t\t\t<\/div>\n\t\t\t\t\t<\/div>\n\t\t<\/div>\n\t\t\t\t<div class=\"penci-ercol-50 penci-ercol-order-2 penci-sticky-ct  elementor-column elementor-col-50 elementor-top-column elementor-element elementor-element-0ad40a3\" data-id=\"0ad40a3\" data-element_type=\"column\">\n\t\t\t<div class=\"elementor-widget-wrap elementor-element-populated\">\n\t\t\t\t\t\t\t\t<div class=\"elementor-element elementor-element-f40c503 elementor-widget elementor-widget-penci-fancy_heading\" data-id=\"f40c503\" data-element_type=\"widget\" data-widget_type=\"penci-fancy_heading.default\">\n\t\t\t\t<div class=\"elementor-widget-container\">\n\t\t\t\t\t<div class=\"penci-fancy-heading penci-heading-text-left\">\r\n\t\t\t<div class=\"penci-fancy-heading-inner\">\r\n\t\t\t\t<p class=\"penci-heading-title\"><a href=\"https:\/\/www.uees.edu.sv\/editorialuees\/portfolio\/atlas-fotografico-practicas-de-laboratorio-de-anatomia-humana\/\">Atlas Fotogr\u00e1fico Pr\u00e1cticas de Laboratorio de Anatom\u00eda Humana<\/a><\/p><div class=\"penci-separator penci-separator- penci-separator-left\"><span class=\"penci-sep_holder penci-sep_holder_l\"><span class=\"penci-sep_line\"><\/span><\/span><span class=\"penci-sep_holder penci-sep_holder_r\"><span class=\"penci-sep_line\"><\/span><\/span><\/div><div class=\"penci-heading-content entry-content\"><p>T\u00edtulo: Atlas Fotogr\u00e1fico Pr\u00e1cticas de Laboratorio de Anatom\u00eda Humana<br \/>\nAutor: Ernesto Antonio Hurtado Valencia<br \/>\nEdici\u00f3n: 1\u00aa Edici\u00f3n, 2019<br \/>\nISBN:978-99961-331-2-1<br \/>\nNo. P\u00e1ginas: 393<br \/>\nIdioma: espa\u00f1ol<br \/>\n<strong>Costo: $60.00<\/strong><\/p>\n<\/div>\t\t\t<\/div>\r\n\t\t<\/div>\r\n\t\t\t\t<\/div>\n\t\t\t\t<\/div>\n\t\t\t\t\t<\/div>\n\t\t<\/div>\n\t\t\t\t\t\t\t<\/div>\n\t\t<\/section>\n\t\t\t\t<section class=\"penci-section penci-disSticky penci-structure-10 elementor-section elementor-top-section elementor-element elementor-element-dd06ff8 elementor-section-boxed elementor-section-height-default elementor-section-height-default\" data-id=\"dd06ff8\" data-element_type=\"section\">\n\t\t\t\t\t\t<div class=\"elementor-container elementor-column-gap-default\">\n\t\t\t\t\t<div class=\"penci-ercol-100 penci-ercol-order-1 penci-sticky-ct  elementor-column elementor-col-100 elementor-top-column elementor-element elementor-element-30249a1\" data-id=\"30249a1\" data-element_type=\"column\">\n\t\t\t<div class=\"elementor-widget-wrap\">\n\t\t\t\t\t\t\t\t\t<\/div>\n\t\t<\/div>\n\t\t\t\t\t\t\t<\/div>\n\t\t<\/section>\n\t\t\t\t<section class=\"penci-section penci-disSticky penci-structure-20 elementor-section elementor-top-section elementor-element elementor-element-a2413d5 elementor-section-boxed elementor-section-height-default elementor-section-height-default\" data-id=\"a2413d5\" data-element_type=\"section\">\n\t\t\t\t\t\t<div class=\"elementor-container elementor-column-gap-default\">\n\t\t\t\t\t<div class=\"penci-ercol-50 penci-ercol-order-1 penci-sticky-ct  elementor-column elementor-col-50 elementor-top-column elementor-element elementor-element-f4587bb\" data-id=\"f4587bb\" data-element_type=\"column\">\n\t\t\t<div class=\"elementor-widget-wrap elementor-element-populated\">\n\t\t\t\t\t\t\t\t<div class=\"elementor-element elementor-element-8c4aaac elementor-widget elementor-widget-image\" data-id=\"8c4aaac\" data-element_type=\"widget\" data-widget_type=\"image.default\">\n\t\t\t\t<div class=\"elementor-widget-container\">\n\t\t\t\t\t\t\t\t\t\t\t\t\t\t\t<img src=\"https:\/\/www.uees.edu.sv\/editorialuees\/wp-content\/uploads\/elementor\/thumbs\/compendioportada-2-pete5borc7h2px3smkm0j9q9b369wjchlcpic9sxvo.jpg\" title=\"compendioportada-2\" alt=\"compendioportada-2\" \/>\t\t\t\t\t\t\t\t\t\t\t\t\t\t\t<\/div>\n\t\t\t\t<\/div>\n\t\t\t\t\t<\/div>\n\t\t<\/div>\n\t\t\t\t<div class=\"penci-ercol-50 penci-ercol-order-2 penci-sticky-ct  elementor-column elementor-col-50 elementor-top-column elementor-element elementor-element-f5a6154\" data-id=\"f5a6154\" data-element_type=\"column\">\n\t\t\t<div class=\"elementor-widget-wrap elementor-element-populated\">\n\t\t\t\t\t\t\t\t<div class=\"elementor-element elementor-element-1b27805 elementor-widget elementor-widget-penci-fancy_heading\" data-id=\"1b27805\" data-element_type=\"widget\" data-widget_type=\"penci-fancy_heading.default\">\n\t\t\t\t<div class=\"elementor-widget-container\">\n\t\t\t\t\t<div class=\"penci-fancy-heading penci-heading-text-left\">\r\n\t\t\t<div class=\"penci-fancy-heading-inner\">\r\n\t\t\t\t<p class=\"penci-heading-title\"><a href=\"https:\/\/www.uees.edu.sv\/editorialuees\/portfolio\/compendio-de-fisiologia-humana\/\">Compendio de fisiolog\u00eda humana\n<\/a><\/p><div class=\"penci-separator penci-separator- penci-separator-left\"><span class=\"penci-sep_holder penci-sep_holder_l\"><span class=\"penci-sep_line\"><\/span><\/span><span class=\"penci-sep_holder penci-sep_holder_r\"><span class=\"penci-sep_line\"><\/span><\/span><\/div><div class=\"penci-heading-content entry-content\"><p>T\u00edtulo: Compendio de fisiolog\u00eda humana<br \/>\nAutor: Jos\u00e9 Joaqu\u00edn Parr S\u00e1nchez, Nuvia Estrada de Velasco<br \/>\nEdici\u00f3n: 1\u00aa Edici\u00f3n<br \/>\nISBN: 978- 99923- 951- 4- 1<br \/>\nNo. P\u00e1ginas: 147<br \/>\nIdioma: espa\u00f1ol<br \/>\n<strong>Costo: $25.00<\/strong><\/p>\n<\/div>\t\t\t<\/div>\r\n\t\t<\/div>\r\n\t\t\t\t<\/div>\n\t\t\t\t<\/div>\n\t\t\t\t\t<\/div>\n\t\t<\/div>\n\t\t\t\t\t\t\t<\/div>\n\t\t<\/section>\n\t\t\t\t<section class=\"penci-section penci-disSticky penci-structure-20 elementor-section elementor-top-section elementor-element elementor-element-c1a5e5f elementor-section-boxed elementor-section-height-default elementor-section-height-default\" data-id=\"c1a5e5f\" data-element_type=\"section\">\n\t\t\t\t\t\t<div class=\"elementor-container elementor-column-gap-default\">\n\t\t\t\t\t<div class=\"penci-ercol-50 penci-ercol-order-1 penci-sticky-ct  elementor-column elementor-col-50 elementor-top-column elementor-element elementor-element-31c38ee\" data-id=\"31c38ee\" data-element_type=\"column\">\n\t\t\t<div class=\"elementor-widget-wrap elementor-element-populated\">\n\t\t\t\t\t\t\t\t<div class=\"elementor-element elementor-element-aa1e30e elementor-widget elementor-widget-image\" data-id=\"aa1e30e\" data-element_type=\"widget\" data-widget_type=\"image.default\">\n\t\t\t\t<div class=\"elementor-widget-container\">\n\t\t\t\t\t\t\t\t\t\t\t\t\t\t\t<img src=\"https:\/\/www.uees.edu.sv\/editorialuees\/wp-content\/uploads\/elementor\/thumbs\/manual1-pete5ei9wpkxoqzp63tw8r0n38sdjmnolqnys3ord0.jpg\" title=\"manual1\" alt=\"manual1\" \/>\t\t\t\t\t\t\t\t\t\t\t\t\t\t\t<\/div>\n\t\t\t\t<\/div>\n\t\t\t\t\t<\/div>\n\t\t<\/div>\n\t\t\t\t<div class=\"penci-ercol-50 penci-ercol-order-2 penci-sticky-ct  elementor-column elementor-col-50 elementor-top-column elementor-element elementor-element-8b3e00f\" data-id=\"8b3e00f\" data-element_type=\"column\">\n\t\t\t<div class=\"elementor-widget-wrap elementor-element-populated\">\n\t\t\t\t\t\t\t\t<div class=\"elementor-element elementor-element-c9ee6a3 elementor-widget elementor-widget-penci-fancy_heading\" data-id=\"c9ee6a3\" data-element_type=\"widget\" data-widget_type=\"penci-fancy_heading.default\">\n\t\t\t\t<div class=\"elementor-widget-container\">\n\t\t\t\t\t<div class=\"penci-fancy-heading penci-heading-text-left\">\r\n\t\t\t<div class=\"penci-fancy-heading-inner\">\r\n\t\t\t\t<p class=\"penci-heading-title\"><a href=\"https:\/\/www.uees.edu.sv\/editorialuees\/portfolio\/farmacologia-y-terapeutica-para-odontologos\/\">Farmacolog\u00eda y terap\u00e9utica para odont\u00f3logos<\/a><\/p><div class=\"penci-separator penci-separator- penci-separator-left\"><span class=\"penci-sep_holder penci-sep_holder_l\"><span class=\"penci-sep_line\"><\/span><\/span><span class=\"penci-sep_holder penci-sep_holder_r\"><span class=\"penci-sep_line\"><\/span><\/span><\/div><div class=\"penci-heading-content entry-content\"><p>T\u00edtulo: Farmacolog\u00eda y terap\u00e9utica para odont\u00f3logos<br \/>\nAutor: Jos\u00e9 Joaqu\u00edn Parr S\u00e1nchez, Nuvia Estrada de Velasco<br \/>\nEdici\u00f3n: 1\u00aa Edici\u00f3n, 2015<br \/>\nISBN: 978-99961-916-9-5<br \/>\nNo. P\u00e1ginas: 132<br \/>\nIdioma: espa\u00f1ol<br \/>\n<strong>Costo: $32.00<\/strong><\/p>\n<\/div>\t\t\t<\/div>\r\n\t\t<\/div>\r\n\t\t\t\t<\/div>\n\t\t\t\t<\/div>\n\t\t\t\t\t<\/div>\n\t\t<\/div>\n\t\t\t\t\t\t\t<\/div>\n\t\t<\/section>\n\t\t\t\t<section class=\"penci-section penci-disSticky penci-structure-20 elementor-section elementor-top-section elementor-element elementor-element-707bad8 elementor-section-boxed elementor-section-height-default elementor-section-height-default\" data-id=\"707bad8\" data-element_type=\"section\">\n\t\t\t\t\t\t<div class=\"elementor-container elementor-column-gap-default\">\n\t\t\t\t\t<div class=\"penci-ercol-50 penci-ercol-order-1 penci-sticky-ct  elementor-column elementor-col-50 elementor-top-column elementor-element elementor-element-dcd8af2\" data-id=\"dcd8af2\" data-element_type=\"column\">\n\t\t\t<div class=\"elementor-widget-wrap elementor-element-populated\">\n\t\t\t\t\t\t\t\t<div class=\"elementor-element elementor-element-b21cefd elementor-widget elementor-widget-image\" data-id=\"b21cefd\" data-element_type=\"widget\" data-widget_type=\"image.default\">\n\t\t\t\t<div class=\"elementor-widget-container\">\n\t\t\t\t\t\t\t\t\t\t\t\t\t\t\t<img src=\"https:\/\/www.uees.edu.sv\/editorialuees\/wp-content\/uploads\/elementor\/thumbs\/manual2-pete5ei9wpkxoqzp63tw8r0n38sdjmnolqnys3ord0.jpg\" title=\"manual2\" alt=\"manual2\" \/>\t\t\t\t\t\t\t\t\t\t\t\t\t\t\t<\/div>\n\t\t\t\t<\/div>\n\t\t\t\t\t<\/div>\n\t\t<\/div>\n\t\t\t\t<div class=\"penci-ercol-50 penci-ercol-order-2 penci-sticky-ct  elementor-column elementor-col-50 elementor-top-column elementor-element elementor-element-3d1d332\" data-id=\"3d1d332\" data-element_type=\"column\">\n\t\t\t<div class=\"elementor-widget-wrap elementor-element-populated\">\n\t\t\t\t\t\t\t\t<div class=\"elementor-element elementor-element-e0c3e65 elementor-widget elementor-widget-penci-fancy_heading\" data-id=\"e0c3e65\" data-element_type=\"widget\" data-widget_type=\"penci-fancy_heading.default\">\n\t\t\t\t<div class=\"elementor-widget-container\">\n\t\t\t\t\t<div class=\"penci-fancy-heading penci-heading-text-left\">\r\n\t\t\t<div class=\"penci-fancy-heading-inner\">\r\n\t\t\t\t<p class=\"penci-heading-title\"><a href=\"https:\/\/www.uees.edu.sv\/editorialuees\/portfolio\/guia-de-diagnostico-en-odontologia\/\">Gu\u00eda de diagn\u00f3stico en odontolog\u00eda<\/a><\/p><div class=\"penci-separator penci-separator- penci-separator-left\"><span class=\"penci-sep_holder penci-sep_holder_l\"><span class=\"penci-sep_line\"><\/span><\/span><span class=\"penci-sep_holder penci-sep_holder_r\"><span class=\"penci-sep_line\"><\/span><\/span><\/div><div class=\"penci-heading-content entry-content\"><p>T\u00edtulo: Gu\u00eda de diagn\u00f3stico en odontolog\u00eda<br \/>\nAutor: Jos\u00e9 \u00c1ngel Garc\u00eda Artiga, Carmen E. Castro de D\u00edaz<br \/>\nEdici\u00f3n: 2\u00aa Edici\u00f3n, 2021<br \/>\nISBN: 978-99961-968-1-2<br \/>\nNo. P\u00e1ginas: 205<br \/>\nIdioma: espa\u00f1ol<br \/>\n<strong>Costo: $68.00<\/strong><\/p>\n<\/div>\t\t\t<\/div>\r\n\t\t<\/div>\r\n\t\t\t\t<\/div>\n\t\t\t\t<\/div>\n\t\t\t\t\t<\/div>\n\t\t<\/div>\n\t\t\t\t\t\t\t<\/div>\n\t\t<\/section>\n\t\t\t\t<section class=\"penci-section penci-disSticky penci-structure-20 elementor-section elementor-top-section elementor-element elementor-element-281c637 elementor-section-boxed elementor-section-height-default elementor-section-height-default\" data-id=\"281c637\" data-element_type=\"section\">\n\t\t\t\t\t\t<div class=\"elementor-container elementor-column-gap-default\">\n\t\t\t\t\t<div class=\"penci-ercol-50 penci-ercol-order-1 penci-sticky-ct  elementor-column elementor-col-50 elementor-top-column elementor-element elementor-element-102ca15\" data-id=\"102ca15\" data-element_type=\"column\">\n\t\t\t<div class=\"elementor-widget-wrap elementor-element-populated\">\n\t\t\t\t\t\t\t\t<div class=\"elementor-element elementor-element-71d6b35 elementor-widget elementor-widget-image\" data-id=\"71d6b35\" data-element_type=\"widget\" data-widget_type=\"image.default\">\n\t\t\t\t<div class=\"elementor-widget-container\">\n\t\t\t\t\t\t\t\t\t\t\t\t\t\t\t<img src=\"https:\/\/www.uees.edu.sv\/editorialuees\/wp-content\/uploads\/elementor\/thumbs\/manual3-pete5ei9wpkxoqzp63tw8r0n38sdjmnolqnys3ord0.jpg\" title=\"manual3\" alt=\"manual3\" \/>\t\t\t\t\t\t\t\t\t\t\t\t\t\t\t<\/div>\n\t\t\t\t<\/div>\n\t\t\t\t\t<\/div>\n\t\t<\/div>\n\t\t\t\t<div class=\"penci-ercol-50 penci-ercol-order-2 penci-sticky-ct  elementor-column elementor-col-50 elementor-top-column elementor-element elementor-element-89d5e76\" data-id=\"89d5e76\" data-element_type=\"column\">\n\t\t\t<div class=\"elementor-widget-wrap elementor-element-populated\">\n\t\t\t\t\t\t\t\t<div class=\"elementor-element elementor-element-a1c876c elementor-widget elementor-widget-penci-fancy_heading\" data-id=\"a1c876c\" data-element_type=\"widget\" data-widget_type=\"penci-fancy_heading.default\">\n\t\t\t\t<div class=\"elementor-widget-container\">\n\t\t\t\t\t<div class=\"penci-fancy-heading penci-heading-text-left\">\r\n\t\t\t<div class=\"penci-fancy-heading-inner\">\r\n\t\t\t\t<p class=\"penci-heading-title\"><a href=\"https:\/\/www.uees.edu.sv\/editorialuees\/portfolio\/contabilidad-financiera\/\">Contabilidad Financiera<\/a><\/p><div class=\"penci-separator penci-separator- penci-separator-left\"><span class=\"penci-sep_holder penci-sep_holder_l\"><span class=\"penci-sep_line\"><\/span><\/span><span class=\"penci-sep_holder penci-sep_holder_r\"><span class=\"penci-sep_line\"><\/span><\/span><\/div><div class=\"penci-heading-content entry-content\"><p>T\u00edtulo: Contabilidad Financiera<br \/>\nAutor: Carlos Eduardo Ch\u00e1vez D\u00edaz<br \/>\nEdici\u00f3n: 1\u00aa Edici\u00f3n, 2015<br \/>\nISBN:978-99961-916-916-4-0<br \/>\nNo. P\u00e1ginas: 135<br \/>\nIdioma: espa\u00f1ol<br \/>\n<strong>Costo: $15.00<\/strong><\/p>\n<\/div>\t\t\t<\/div>\r\n\t\t<\/div>\r\n\t\t\t\t<\/div>\n\t\t\t\t<\/div>\n\t\t\t\t\t<\/div>\n\t\t<\/div>\n\t\t\t\t\t\t\t<\/div>\n\t\t<\/section>\n\t\t\t\t<section class=\"penci-section penci-disSticky penci-structure-20 elementor-section elementor-top-section elementor-element elementor-element-d73e17b elementor-section-boxed elementor-section-height-default elementor-section-height-default\" data-id=\"d73e17b\" data-element_type=\"section\">\n\t\t\t\t\t\t<div class=\"elementor-container elementor-column-gap-default\">\n\t\t\t\t\t<div class=\"penci-ercol-50 penci-ercol-order-1 penci-sticky-ct  elementor-column elementor-col-50 elementor-top-column elementor-element elementor-element-54a39b3\" data-id=\"54a39b3\" data-element_type=\"column\">\n\t\t\t<div class=\"elementor-widget-wrap elementor-element-populated\">\n\t\t\t\t\t\t\t\t<div class=\"elementor-element elementor-element-8281cde elementor-widget elementor-widget-image\" data-id=\"8281cde\" data-element_type=\"widget\" data-widget_type=\"image.default\">\n\t\t\t\t<div class=\"elementor-widget-container\">\n\t\t\t\t\t\t\t\t\t\t\t\t\t\t\t<img src=\"https:\/\/www.uees.edu.sv\/editorialuees\/wp-content\/uploads\/elementor\/thumbs\/matematica1-pete5borc7h2px3smkm0j9q9b369wjchlcpic9sxvo.jpg\" title=\"matematica1\" alt=\"matematica1\" \/>\t\t\t\t\t\t\t\t\t\t\t\t\t\t\t<\/div>\n\t\t\t\t<\/div>\n\t\t\t\t\t<\/div>\n\t\t<\/div>\n\t\t\t\t<div class=\"penci-ercol-50 penci-ercol-order-2 penci-sticky-ct  elementor-column elementor-col-50 elementor-top-column elementor-element elementor-element-0c9f6b1\" data-id=\"0c9f6b1\" data-element_type=\"column\">\n\t\t\t<div class=\"elementor-widget-wrap elementor-element-populated\">\n\t\t\t\t\t\t\t\t<div class=\"elementor-element elementor-element-2f46b3f elementor-widget elementor-widget-penci-fancy_heading\" data-id=\"2f46b3f\" data-element_type=\"widget\" data-widget_type=\"penci-fancy_heading.default\">\n\t\t\t\t<div class=\"elementor-widget-container\">\n\t\t\t\t\t<div class=\"penci-fancy-heading penci-heading-text-left\">\r\n\t\t\t<div class=\"penci-fancy-heading-inner\">\r\n\t\t\t\t<p class=\"penci-heading-title\"><a href=\"https:\/\/www.uees.edu.sv\/editorialuees\/portfolio\/matematica-i\/\"> Matem\u00e1tica I<\/a><\/p><div class=\"penci-separator penci-separator- penci-separator-left\"><span class=\"penci-sep_holder penci-sep_holder_l\"><span class=\"penci-sep_line\"><\/span><\/span><span class=\"penci-sep_holder penci-sep_holder_r\"><span class=\"penci-sep_line\"><\/span><\/span><\/div><div class=\"penci-heading-content entry-content\"><p>T\u00edtulo: Matem\u00e1tica I<br \/>\nAutores: Mart\u00edn Espinal Romero, Ramiro Ernesto Rodas<br \/>\nEdici\u00f3n: 1\u00aa Edici\u00f3n, 2013<br \/>\nISBN:978-99923-951-8-9<br \/>\nNo. P\u00e1ginas: 167<br \/>\nIdioma: espa\u00f1ol<br \/>\n<strong>Costo: $12.00<\/strong><\/p>\n<\/div>\t\t\t<\/div>\r\n\t\t<\/div>\r\n\t\t\t\t<\/div>\n\t\t\t\t<\/div>\n\t\t\t\t\t<\/div>\n\t\t<\/div>\n\t\t\t\t\t\t\t<\/div>\n\t\t<\/section>\n\t\t\t\t<section class=\"penci-section penci-disSticky penci-structure-20 elementor-section elementor-top-section elementor-element elementor-element-4a19a83 elementor-section-boxed elementor-section-height-default elementor-section-height-default\" data-id=\"4a19a83\" data-element_type=\"section\">\n\t\t\t\t\t\t<div class=\"elementor-container elementor-column-gap-default\">\n\t\t\t\t\t<div class=\"penci-ercol-50 penci-ercol-order-1 penci-sticky-ct  elementor-column elementor-col-50 elementor-top-column elementor-element elementor-element-948f855\" data-id=\"948f855\" data-element_type=\"column\">\n\t\t\t<div class=\"elementor-widget-wrap elementor-element-populated\">\n\t\t\t\t\t\t\t\t<div class=\"elementor-element elementor-element-e899a24 elementor-widget elementor-widget-image\" data-id=\"e899a24\" data-element_type=\"widget\" data-widget_type=\"image.default\">\n\t\t\t\t<div class=\"elementor-widget-container\">\n\t\t\t\t\t\t\t\t\t\t\t\t\t\t\t<img src=\"https:\/\/www.uees.edu.sv\/editorialuees\/wp-content\/uploads\/elementor\/thumbs\/manual4-pete5ei9wpkxoqzp63tw8r0n38sdjmnolqnys3ord0.jpg\" title=\"manual4\" alt=\"manual4\" \/>\t\t\t\t\t\t\t\t\t\t\t\t\t\t\t<\/div>\n\t\t\t\t<\/div>\n\t\t\t\t\t<\/div>\n\t\t<\/div>\n\t\t\t\t<div class=\"penci-ercol-50 penci-ercol-order-2 penci-sticky-ct  elementor-column elementor-col-50 elementor-top-column elementor-element elementor-element-ca15202\" data-id=\"ca15202\" data-element_type=\"column\">\n\t\t\t<div class=\"elementor-widget-wrap elementor-element-populated\">\n\t\t\t\t\t\t\t\t<div class=\"elementor-element elementor-element-121adb9 elementor-widget elementor-widget-penci-fancy_heading\" data-id=\"121adb9\" data-element_type=\"widget\" data-widget_type=\"penci-fancy_heading.default\">\n\t\t\t\t<div class=\"elementor-widget-container\">\n\t\t\t\t\t<div class=\"penci-fancy-heading penci-heading-text-left\">\r\n\t\t\t<div class=\"penci-fancy-heading-inner\">\r\n\t\t\t\t<p class=\"penci-heading-title\"><a href=\"https:\/\/www.uees.edu.sv\/editorialuees\/portfolio\/manual-de-practicas-psicologicas-en-el-area-escolar-i-ii\/\">Manual de pr\u00e1cticas psicol\u00f3gicas en el \u00e1rea escolar I - II<\/a><\/p><div class=\"penci-separator penci-separator- penci-separator-left\"><span class=\"penci-sep_holder penci-sep_holder_l\"><span class=\"penci-sep_line\"><\/span><\/span><span class=\"penci-sep_holder penci-sep_holder_r\"><span class=\"penci-sep_line\"><\/span><\/span><\/div><div class=\"penci-heading-content entry-content\"><p>T\u00edtulo: Manual de pr\u00e1cticas psicol\u00f3gicas en el \u00e1rea escolar I - II<br \/>\nAutor: Brendhaly Mej\u00eda<br \/>\nEdici\u00f3n: 1\u00aa Edici\u00f3n, 2015<br \/>\nISBN:978-99961-968-9-8<br \/>\nNo. P\u00e1ginas: 83<br \/>\nIdioma: espa\u00f1ol<br \/>\n<strong>Costo: $15.00<\/strong><\/p>\n<\/div>\t\t\t<\/div>\r\n\t\t<\/div>\r\n\t\t\t\t<\/div>\n\t\t\t\t<\/div>\n\t\t\t\t\t<\/div>\n\t\t<\/div>\n\t\t\t\t\t\t\t<\/div>\n\t\t<\/section>\n\t\t\t\t<section class=\"penci-section penci-disSticky penci-structure-20 elementor-section elementor-top-section elementor-element elementor-element-c40e35e elementor-section-boxed elementor-section-height-default elementor-section-height-default\" data-id=\"c40e35e\" data-element_type=\"section\">\n\t\t\t\t\t\t<div class=\"elementor-container elementor-column-gap-default\">\n\t\t\t\t\t<div class=\"penci-ercol-50 penci-ercol-order-1 penci-sticky-ct  elementor-column elementor-col-50 elementor-top-column elementor-element elementor-element-0f0a35c\" data-id=\"0f0a35c\" data-element_type=\"column\">\n\t\t\t<div class=\"elementor-widget-wrap elementor-element-populated\">\n\t\t\t\t\t\t\t\t<div class=\"elementor-element elementor-element-4585e0f elementor-widget elementor-widget-image\" data-id=\"4585e0f\" data-element_type=\"widget\" data-widget_type=\"image.default\">\n\t\t\t\t<div class=\"elementor-widget-container\">\n\t\t\t\t\t\t\t\t\t\t\t\t\t\t\t<img src=\"https:\/\/www.uees.edu.sv\/editorialuees\/wp-content\/uploads\/elementor\/thumbs\/manual5-pete5ei9wpkxoqzp63tw8r0n38sdjmnolqnys3ord0.jpg\" title=\"manual5\" alt=\"manual5\" \/>\t\t\t\t\t\t\t\t\t\t\t\t\t\t\t<\/div>\n\t\t\t\t<\/div>\n\t\t\t\t\t<\/div>\n\t\t<\/div>\n\t\t\t\t<div class=\"penci-ercol-50 penci-ercol-order-2 penci-sticky-ct  elementor-column elementor-col-50 elementor-top-column elementor-element elementor-element-b8b4aae\" data-id=\"b8b4aae\" data-element_type=\"column\">\n\t\t\t<div class=\"elementor-widget-wrap elementor-element-populated\">\n\t\t\t\t\t\t\t\t<div class=\"elementor-element elementor-element-b0814eb elementor-widget elementor-widget-penci-fancy_heading\" data-id=\"b0814eb\" data-element_type=\"widget\" data-widget_type=\"penci-fancy_heading.default\">\n\t\t\t\t<div class=\"elementor-widget-container\">\n\t\t\t\t\t<div class=\"penci-fancy-heading penci-heading-text-left\">\r\n\t\t\t<div class=\"penci-fancy-heading-inner\">\r\n\t\t\t\t<p class=\"penci-heading-title\"><a href=\"https:\/\/www.uees.edu.sv\/editorialuees\/portfolio\/gestion-administrativa\/\">Manual de pr\u00e1cticas psicol\u00f3gicas en el \u00e1rea escolar I - II<\/a><\/p><div class=\"penci-separator penci-separator- penci-separator-left\"><span class=\"penci-sep_holder penci-sep_holder_l\"><span class=\"penci-sep_line\"><\/span><\/span><span class=\"penci-sep_holder penci-sep_holder_r\"><span class=\"penci-sep_line\"><\/span><\/span><\/div><div class=\"penci-heading-content entry-content\"><p>T\u00edtulo: Gesti\u00f3n administrativa<br \/>\nAutor: Ricardo Antonio Rebollo Mart\u00ednez<br \/>\nEdici\u00f3n: 1\u00aa Edici\u00f3n, 2011<br \/>\nISBN: 978-99923-951-2-7<br \/>\nNo. P\u00e1ginas: 74<br \/>\nIdioma: espa\u00f1ol<br \/>\n<strong>Costo: $8.00<\/strong><\/p>\n<\/div>\t\t\t<\/div>\r\n\t\t<\/div>\r\n\t\t\t\t<\/div>\n\t\t\t\t<\/div>\n\t\t\t\t\t<\/div>\n\t\t<\/div>\n\t\t\t\t\t\t\t<\/div>\n\t\t<\/section>\n\t\t\t\t<section class=\"penci-section penci-disSticky penci-structure-10 elementor-section elementor-top-section elementor-element elementor-element-5cb6e4a elementor-section-boxed elementor-section-height-default elementor-section-height-default\" data-id=\"5cb6e4a\" data-element_type=\"section\">\n\t\t\t\t\t\t<div class=\"elementor-container elementor-column-gap-default\">\n\t\t\t\t\t<div class=\"penci-ercol-100 penci-ercol-order-1 penci-sticky-ct  elementor-column elementor-col-100 elementor-top-column elementor-element elementor-element-861065a\" data-id=\"861065a\" data-element_type=\"column\">\n\t\t\t<div class=\"elementor-widget-wrap elementor-element-populated\">\n\t\t\t\t\t\t\t\t<div class=\"elementor-element elementor-element-dbcee81 elementor-widget elementor-widget-text-editor\" data-id=\"dbcee81\" data-element_type=\"widget\" data-widget_type=\"text-editor.default\">\n\t\t\t\t<div class=\"elementor-widget-container\">\n\t\t\t\t\t\t\t\t<h6>\u00a0 \u00a0 \u00a0 \u00a0 \u00a0 \u00a0 \u00a0 \u00a0 \u00a0 \u00a0 \u00a0 \u00a0 \u00a0 \u00a0 \u00a0 \u00a0<\/h6><h6>\u00a0<\/h6><h6>\u00a0 \u00a0 \u00a0 \u00a0 \u00a0 \u00a0 \u00a0 \u00a0 \u00a0 \u00a0 \u00a0 \u00a0 \u00a0 \u00a0 \u00a0 \u00a0 \u00a0 \u00a0 \u00a0 \u00a0 \u00a0 \u00a0 \u00a0 \u00a0 \u00a0 \u00a0 \u00a0 \u00a0 \u00a0 \u00a0 \u00a0 \u00a0 \u00a0 \u00a0 \u00a0 \u00a0 \u00a0 \u00a0 \u00a0 \u00a0 \u00a0 \u00a0 \u00a0 \u00a0 \u00a0 \u00a0 \u00a0 \u00a0 \u00a0 \u00a0 &lt;&lt;&lt;&lt;&lt;Anterior\u00a0 \u00a0&#8211;\u00a0 \u00a0Siguiente &gt;&gt;&gt;&gt;&gt;<\/h6>\t\t\t\t\t\t<\/div>\n\t\t\t\t<\/div>\n\t\t\t\t\t<\/div>\n\t\t<\/div>\n\t\t\t\t\t\t\t<\/div>\n\t\t<\/section>\n\t\t\t\t\t\t<\/div>\n\t\t\t\t\t<\/div>\n\t\t","protected":false},"excerpt":{"rendered":"<p>Atlas Fotogr\u00e1fico Pr\u00e1cticas de Laboratorio de Anatom\u00eda Humana T\u00edtulo: Atlas Fotogr\u00e1fico Pr\u00e1cticas de Laboratorio de&hellip;<\/p>\n","protected":false},"author":1,"featured_media":0,"parent":0,"menu_order":0,"comment_status":"closed","ping_status":"closed","template":"","meta":[],"_links":{"self":[{"href":"https:\/\/www.uees.edu.sv\/editorialuees\/wp-json\/wp\/v2\/pages\/3037"}],"collection":[{"href":"https:\/\/www.uees.edu.sv\/editorialuees\/wp-json\/wp\/v2\/pages"}],"about":[{"href":"https:\/\/www.uees.edu.sv\/editorialuees\/wp-json\/wp\/v2\/types\/page"}],"author":[{"embeddable":true,"href":"https:\/\/www.uees.edu.sv\/editorialuees\/wp-json\/wp\/v2\/users\/1"}],"replies":[{"embeddable":true,"href":"https:\/\/www.uees.edu.sv\/editorialuees\/wp-json\/wp\/v2\/comments?post=3037"}],"version-history":[{"count":35,"href":"https:\/\/www.uees.edu.sv\/editorialuees\/wp-json\/wp\/v2\/pages\/3037\/revisions"}],"predecessor-version":[{"id":3282,"href":"https:\/\/www.uees.edu.sv\/editorialuees\/wp-json\/wp\/v2\/pages\/3037\/revisions\/3282"}],"wp:attachment":[{"href":"https:\/\/www.uees.edu.sv\/editorialuees\/wp-json\/wp\/v2\/media?parent=3037"}],"curies":[{"name":"wp","href":"https:\/\/api.w.org\/{rel}","templated":true}]}}