{"id":4163,"date":"2025-10-06T11:47:23","date_gmt":"2025-10-06T17:47:23","guid":{"rendered":"https:\/\/www.uees.edu.sv\/congreso-uees\/?page_id=4163"},"modified":"2025-10-06T11:55:22","modified_gmt":"2025-10-06T17:55:22","slug":"tecnologia-e-innovacion","status":"publish","type":"page","link":"https:\/\/www.uees.edu.sv\/congreso-uees\/tecnologia-e-innovacion\/","title":{"rendered":"Tecnolog\u00eda e innovaci\u00f3n"},"content":{"rendered":"\t\t<div data-elementor-type=\"wp-page\" data-elementor-id=\"4163\" class=\"elementor elementor-4163\" data-elementor-post-type=\"page\">\n\t\t\t\t<div class=\"elementor-element elementor-element-21c4c38 e-flex e-con-boxed e-con e-parent\" data-id=\"21c4c38\" data-element_type=\"container\">\n\t\t\t\t\t<div class=\"e-con-inner\">\n\t\t<div class=\"elementor-element elementor-element-e39fed4 e-con-full e-flex e-con e-child\" data-id=\"e39fed4\" data-element_type=\"container\">\n\t\t\t\t<div class=\"elementor-element elementor-element-09b00c5 elementor-widget elementor-widget-heading\" data-id=\"09b00c5\" data-element_type=\"widget\" data-widget_type=\"heading.default\">\n\t\t\t\t<div class=\"elementor-widget-container\">\n\t\t\t\t\t<h2 class=\"elementor-heading-title elementor-size-default\">Poster Cient\u00edfico - Tecnolog\u00eda e innovaci\u00f3n<\/h2>\t\t\t\t<\/div>\n\t\t\t\t<\/div>\n\t\t\t\t<div class=\"elementor-element elementor-element-fefce87 meta-visibility-show title_position_default title_hover_border_default title-default img_hover_animation_default meta_position_default tpg-category-position-default readmore-btn-default-style grid-hover-overlay-type-always tpg-el-box-border-enable tpg-border-bottom-disable elementor-widget elementor-widget-tpg-list-layout\" data-id=\"fefce87\" data-element_type=\"widget\" data-widget_type=\"tpg-list-layout.default\">\n\t\t\t\t<div class=\"elementor-widget-container\">\n\t\t\t\t\t\n        <div class=\"rt-container-fluid rt-tpg-container tpg-el-main-wrapper list-layout2-main \"\n             data-sc-id=\"elementor\"\n             id=\"rt-tpg-container-428138204\"\n             data-layout=\"list-layout2\"\n             data-grid-style=\"tpg-even\"\n             data-el-settings=''\n             data-el-query=''\n             data-el-path=''\n        >\n\t\t\t            <div class='tpg-header-wrapper '>\n\t\t\t\t            <\/div>\n\n            <div data-title=\"Loading ...\" class=\"rt-row rt-content-loader list-layout2 tpg-even list-behaviour list-layout-wrapper\">\n\t\t\t\t\n\t<!--Start Offset left & offset right column-->\n\t<div class=\"rt-col-xs-12 rt-col-md-4 rt-col-sm-5 offset-left-wrap offset-left\">\n\n\n\n\n\t<div class=\"rt-holder tpg-post-holder\">\n\t\t<div class=\"rt-detail rt-el-content-wrapper\">\n\t\t\t\t\t\t\t<div class=\"rt-img-holder tpg-el-image-wrap has-thumbnail\">\n\t\t\t\t\t<a data-id=\"3931\" href=\"https:\/\/www.uees.edu.sv\/congreso-uees\/kelly-anayansy-cortez-sanchez\/\" class=\"tpg-post-link\" target=\"_self\">                        <img fetchpriority=\"high\" decoding=\"async\" src=\"https:\/\/www.uees.edu.sv\/congreso-uees\/wp-content\/uploads\/2025\/10\/Kelly-Anayansy-Cortez-Sanchez-e1759595227794-768x768.jpg\"\n                             class=\"rt-img-responsive\"\n                             width=\"768\"\n                             height=\"768\"\n                             alt=\"Kelly Anayansy Cortez S\u00e1nchez\">\n\t\t\t\t\t\t\n\t\t\t\t\t\t\t\n\t\t<\/a>\n\t\t        <div class=\"overlay grid-hover-content\"><\/div>\n\t\t\t\t\t\t<\/div>\n\t\t\t\n\t\t\t<div class=\"post-right-content\">\n\n\t\t\t\t<div class=\"entry-title-wrapper\"><h3 class=\"entry-title\"><a data-id=\"3931\" href=\"https:\/\/www.uees.edu.sv\/congreso-uees\/kelly-anayansy-cortez-sanchez\/\" class=\"tpg-post-link\" target=\"_self\">Kelly Anayansy Cortez S\u00e1nchez<\/a><\/h3><\/div>\n\n\t\t\t\t\t\t\t\t\t<div class=\"post-meta-tags rt-el-post-meta\">\n\t\t\t\t\t\t            <span class='categories-links'>\n\t\t\t\t<i class='fas fa-folder-open '><\/i><a class=\"poster-cientifico\" href=\"https:\/\/www.uees.edu.sv\/congreso-uees\/category\/poster-cientifico\/\">Poster Cient\u00edfico<\/a><span class=\"rt-separator\">,<\/span><a class=\"tecnologia-e-innovacion\" href=\"https:\/\/www.uees.edu.sv\/congreso-uees\/category\/poster-cientifico\/tecnologia-e-innovacion\/\">Tecnolog\u00eda e innovaci\u00f3n<\/a>\t\t\t<\/span>\n\t\t\t\t\t\t\t\t<\/div>\n\t\t\t\t\n\t\t\t\t\t\t\t\t\t<div class=\"tpg-excerpt tpg-el-excerpt\">\n\t\t\t\t\t\t\t\t\t\t\t\t\t<div class=\"tpg-excerpt-inner\">\n\t\t\t\t\t\t\t\tKelly Anayansy Cortez S\u00e1nchez Impacto del curso de certificaci\u00f3n docente en la adquisici\u00f3n de...\t\t\t\t\t\t\t<\/div>\n\t\t\t\t\t\t\t\t\t\t\t\t\t\t\t\t\t<\/div>\n\t\t\t\t\n\t\t\t\t        <div class=\"post-footer\">\n            <div class=\"post-footer\">\n                <div class=\"read-more\">\n\t\t\t\t\t<a data-id=\"3931\" href=\"https:\/\/www.uees.edu.sv\/congreso-uees\/kelly-anayansy-cortez-sanchez\/\" class=\"tpg-post-link\" target=\"_self\">Leer m\u00e1s<\/a>                <\/div>\n            <\/div>\n        <\/div>\n\t\t\t\t\t<\/div>\n\t\t<\/div>\n\t<\/div>\n\n\n\n\n<\/div> <!--End Offset left & offset right column-->\n\t<!--Start Offset left & offset right column-->\n\t<div class=\"rt-col-xs-12 rt-col-md-8 rt-col-sm-7 offset-right\">\n\n\t<!--Start .rt-row -->\n\t<div class='rt-row'>\n\n\t<!--Start right offset column -->\n\t<div class=\"rt-col-md-6 rt-col-sm-12 rt-col-xs-12 default rt-list-item rt-grid-item\" data-id=\"3908\">\n\n\n\t<div class=\"rt-holder tpg-post-holder\">\n\t\t<div class=\"rt-detail rt-el-content-wrapper\">\n\t\t\t\t\t\t\t<div class=\"rt-img-holder tpg-el-image-wrap has-thumbnail\">\n\t\t\t\t\t<a data-id=\"3908\" href=\"https:\/\/www.uees.edu.sv\/congreso-uees\/leonel-antonio-prudencio-castro\/\" class=\"tpg-post-link\" target=\"_self\"><img decoding=\"async\" width=\"768\" height=\"768\" src=\"https:\/\/www.uees.edu.sv\/congreso-uees\/wp-content\/uploads\/2025\/10\/Leonel-antonio-e1759595922593-768x768.jpg\" class=\"attachment-medium_large size-medium_large wp-post-image\" alt=\"\" srcset=\"https:\/\/www.uees.edu.sv\/congreso-uees\/wp-content\/uploads\/2025\/10\/Leonel-antonio-e1759595922593-768x768.jpg 768w, https:\/\/www.uees.edu.sv\/congreso-uees\/wp-content\/uploads\/2025\/10\/Leonel-antonio-e1759595922593-300x300.jpg 300w, https:\/\/www.uees.edu.sv\/congreso-uees\/wp-content\/uploads\/2025\/10\/Leonel-antonio-e1759595922593-1024x1024.jpg 1024w, https:\/\/www.uees.edu.sv\/congreso-uees\/wp-content\/uploads\/2025\/10\/Leonel-antonio-e1759595922593-150x150.jpg 150w, https:\/\/www.uees.edu.sv\/congreso-uees\/wp-content\/uploads\/2025\/10\/Leonel-antonio-e1759595922593-1536x1536.jpg 1536w, https:\/\/www.uees.edu.sv\/congreso-uees\/wp-content\/uploads\/2025\/10\/Leonel-antonio-e1759595922593-600x600.jpg 600w, https:\/\/www.uees.edu.sv\/congreso-uees\/wp-content\/uploads\/2025\/10\/Leonel-antonio-e1759595922593-100x100.jpg 100w, https:\/\/www.uees.edu.sv\/congreso-uees\/wp-content\/uploads\/2025\/10\/Leonel-antonio-e1759595922593.jpg 1700w\" sizes=\"(max-width: 768px) 100vw, 768px\" \/>\t\t\n\t\t<\/a>\n\t\t        <div class=\"overlay grid-hover-content\"><\/div>\n\t\t\t\t\t\t<\/div>\n\t\t\t\n\t\t\t<div class=\"post-right-content\">\n\n\t\t\t\t<div class=\"entry-title-wrapper\"><h3 class=\"entry-title\"><a data-id=\"3908\" href=\"https:\/\/www.uees.edu.sv\/congreso-uees\/leonel-antonio-prudencio-castro\/\" class=\"tpg-post-link\" target=\"_self\">Leonel Antonio Prudencio Castro<\/a><\/h3><\/div>\n\n\t\t\t\t\t\t\t\t\t<div class=\"post-meta-tags rt-el-post-meta\">\n\t\t\t\t\t\t            <span class='categories-links'>\n\t\t\t\t<i class='fas fa-folder-open '><\/i><a class=\"poster-cientifico\" href=\"https:\/\/www.uees.edu.sv\/congreso-uees\/category\/poster-cientifico\/\">Poster Cient\u00edfico<\/a><span class=\"rt-separator\">,<\/span><a class=\"tecnologia-e-innovacion\" href=\"https:\/\/www.uees.edu.sv\/congreso-uees\/category\/poster-cientifico\/tecnologia-e-innovacion\/\">Tecnolog\u00eda e innovaci\u00f3n<\/a>\t\t\t<\/span>\n\t\t\t\t\t\t\t\t<\/div>\n\t\t\t\t\n\t\t\t\t\n\t\t\t\t\t\t\t<\/div>\n\t\t<\/div>\n\t<\/div>\n\n\n<\/div> <!--End right offset column -->\n\n\n\n\n\t<!--Start right offset column -->\n\t<div class=\"rt-col-md-6 rt-col-sm-12 rt-col-xs-12 default rt-list-item rt-grid-item\" data-id=\"3886\">\n\n\n\t<div class=\"rt-holder tpg-post-holder\">\n\t\t<div class=\"rt-detail rt-el-content-wrapper\">\n\t\t\t\t\t\t\t<div class=\"rt-img-holder tpg-el-image-wrap has-thumbnail\">\n\t\t\t\t\t<a data-id=\"3886\" href=\"https:\/\/www.uees.edu.sv\/congreso-uees\/jhoan-daniel-martinez-marroquin\/\" class=\"tpg-post-link\" target=\"_self\"><img decoding=\"async\" width=\"768\" height=\"768\" src=\"https:\/\/www.uees.edu.sv\/congreso-uees\/wp-content\/uploads\/2025\/10\/user-icon-human-person-sign-vector-10206693-768x768.png\" class=\"attachment-medium_large size-medium_large wp-post-image\" alt=\"\" srcset=\"https:\/\/www.uees.edu.sv\/congreso-uees\/wp-content\/uploads\/2025\/10\/user-icon-human-person-sign-vector-10206693-768x768.png 768w, https:\/\/www.uees.edu.sv\/congreso-uees\/wp-content\/uploads\/2025\/10\/user-icon-human-person-sign-vector-10206693-300x300.png 300w, https:\/\/www.uees.edu.sv\/congreso-uees\/wp-content\/uploads\/2025\/10\/user-icon-human-person-sign-vector-10206693-150x150.png 150w, https:\/\/www.uees.edu.sv\/congreso-uees\/wp-content\/uploads\/2025\/10\/user-icon-human-person-sign-vector-10206693-600x600.png 600w, https:\/\/www.uees.edu.sv\/congreso-uees\/wp-content\/uploads\/2025\/10\/user-icon-human-person-sign-vector-10206693-100x100.png 100w, https:\/\/www.uees.edu.sv\/congreso-uees\/wp-content\/uploads\/2025\/10\/user-icon-human-person-sign-vector-10206693.png 981w\" sizes=\"(max-width: 768px) 100vw, 768px\" \/>\t\t\n\t\t<\/a>\n\t\t        <div class=\"overlay grid-hover-content\"><\/div>\n\t\t\t\t\t\t<\/div>\n\t\t\t\n\t\t\t<div class=\"post-right-content\">\n\n\t\t\t\t<div class=\"entry-title-wrapper\"><h3 class=\"entry-title\"><a data-id=\"3886\" href=\"https:\/\/www.uees.edu.sv\/congreso-uees\/jhoan-daniel-martinez-marroquin\/\" class=\"tpg-post-link\" target=\"_self\">Jhoan Daniel Mart\u00ednez Marroqu\u00edn<\/a><\/h3><\/div>\n\n\t\t\t\t\t\t\t\t\t<div class=\"post-meta-tags rt-el-post-meta\">\n\t\t\t\t\t\t            <span class='categories-links'>\n\t\t\t\t<i class='fas fa-folder-open '><\/i><a class=\"poster-cientifico\" href=\"https:\/\/www.uees.edu.sv\/congreso-uees\/category\/poster-cientifico\/\">Poster Cient\u00edfico<\/a><span class=\"rt-separator\">,<\/span><a class=\"tecnologia-e-innovacion\" href=\"https:\/\/www.uees.edu.sv\/congreso-uees\/category\/poster-cientifico\/tecnologia-e-innovacion\/\">Tecnolog\u00eda e innovaci\u00f3n<\/a>\t\t\t<\/span>\n\t\t\t\t\t\t\t\t<\/div>\n\t\t\t\t\n\t\t\t\t\n\t\t\t\t\t\t\t<\/div>\n\t\t<\/div>\n\t<\/div>\n\n\n<\/div> <!--End right offset column --><\/div> <!--End .rt-row -->\n\n<\/div> <!--End Offset left & offset right column-->            <\/div>\n\n\t\t\t\n        <\/div>\n\t\t\t\t\t\t<\/div>\n\t\t\t\t<\/div>\n\t\t\t\t<\/div>\n\t\t\t\t\t<\/div>\n\t\t\t\t<\/div>\n\t\t\t\t<\/div>\n\t\t","protected":false},"excerpt":{"rendered":"<p>Poster Cient\u00edfico &#8211; Tecnolog\u00eda e innovaci\u00f3n Kelly Anayansy Cortez S\u00e1nchez Poster Cient\u00edfico,Tecnolog\u00eda e innovaci\u00f3n Kelly Anayansy Cortez S\u00e1nchez Impacto del curso de certificaci\u00f3n docente en la adquisici\u00f3n de&#8230; Leer m\u00e1s Leonel Antonio Prudencio Castro Poster Cient\u00edfico,Tecnolog\u00eda e innovaci\u00f3n Jhoan Daniel Mart\u00ednez Marroqu\u00edn Poster Cient\u00edfico,Tecnolog\u00eda e innovaci\u00f3n<\/p>\n","protected":false},"author":1,"featured_media":0,"parent":0,"menu_order":0,"comment_status":"closed","ping_status":"closed","template":"","meta":{"footnotes":""},"class_list":["post-4163","page","type-page","status-publish","hentry"],"rttpg_featured_image_url":null,"rttpg_author":{"display_name":"Antonio","author_link":"https:\/\/www.uees.edu.sv\/congreso-uees\/author\/antonio\/"},"rttpg_comment":0,"rttpg_category":"","rttpg_excerpt":"Poster Cient\u00edfico &#8211; Tecnolog\u00eda e innovaci\u00f3n Kelly Anayansy Cortez S\u00e1nchez Poster Cient\u00edfico,Tecnolog\u00eda e innovaci\u00f3n Kelly Anayansy Cortez S\u00e1nchez Impacto del curso de certificaci\u00f3n docente en la adquisici\u00f3n de&#8230; Leer m\u00e1s Leonel Antonio Prudencio Castro Poster Cient\u00edfico,Tecnolog\u00eda e innovaci\u00f3n Jhoan Daniel Mart\u00ednez Marroqu\u00edn Poster Cient\u00edfico,Tecnolog\u00eda e innovaci\u00f3n","_links":{"self":[{"href":"https:\/\/www.uees.edu.sv\/congreso-uees\/wp-json\/wp\/v2\/pages\/4163","targetHints":{"allow":["GET"]}}],"collection":[{"href":"https:\/\/www.uees.edu.sv\/congreso-uees\/wp-json\/wp\/v2\/pages"}],"about":[{"href":"https:\/\/www.uees.edu.sv\/congreso-uees\/wp-json\/wp\/v2\/types\/page"}],"author":[{"embeddable":true,"href":"https:\/\/www.uees.edu.sv\/congreso-uees\/wp-json\/wp\/v2\/users\/1"}],"replies":[{"embeddable":true,"href":"https:\/\/www.uees.edu.sv\/congreso-uees\/wp-json\/wp\/v2\/comments?post=4163"}],"version-history":[{"count":7,"href":"https:\/\/www.uees.edu.sv\/congreso-uees\/wp-json\/wp\/v2\/pages\/4163\/revisions"}],"predecessor-version":[{"id":4199,"href":"https:\/\/www.uees.edu.sv\/congreso-uees\/wp-json\/wp\/v2\/pages\/4163\/revisions\/4199"}],"wp:attachment":[{"href":"https:\/\/www.uees.edu.sv\/congreso-uees\/wp-json\/wp\/v2\/media?parent=4163"}],"curies":[{"name":"wp","href":"https:\/\/api.w.org\/{rel}","templated":true}]}}