{"id":2972,"date":"2021-09-13T21:28:48","date_gmt":"2021-09-13T21:28:48","guid":{"rendered":"https:\/\/www.uees.edu.sv\/biblioteca\/?page_id=2972"},"modified":"2022-02-22T21:40:02","modified_gmt":"2022-02-22T21:40:02","slug":"instalacione","status":"publish","type":"page","link":"https:\/\/www.uees.edu.sv\/biblioteca\/instalacione\/","title":{"rendered":"Instalaciones"},"content":{"rendered":"<p>[vc_row][vc_column icons_position=&#8221;left&#8221;][vc_column_text]<\/p>\n<p style=\"text-align: justify;\">La Biblioteca central cuenta con conexiones de internet y wifi y ahora con unas modernas \u00e1reas y una distribuci\u00f3n de espacios para un mejor desplazamiento dando apertura a nuevos servicios y \u00e1reas de estudio con una sala de Lectura Colectiva (para trabajo en equipo de los usuarios), Sala de Lectura Individual, alejada totalmente del ruido externo para mejorar la concentraci\u00f3n en el estudio, un laboratorio de c\u00f3mputo en un espacio exclusivo, Salas de estudio equipada con pantallas multifuncionales para mejorar la experiencia en la investigaci\u00f3n y la formaci\u00f3n acad\u00e9mica, se cuenta con una espaciosa Hemeroteca donde puedes consultar las revistas institucionales y otros ejemplares de diferentes disciplinas como apoyo a la investigaci\u00f3n; adem\u00e1s de una Sala Cristiana con bibliograf\u00eda especializada para el aprendizaje y crecimiento espiritual equipada y amueblada en un ambiente iluminado y confortable, adem\u00e1s un \u00e1rea de Mediateca donde podr\u00e1s ingresar a una variedad de recursos de informaci\u00f3n en formatos de audio y video.<\/p>\n<p>&nbsp;<\/p>\n<p><img fetchpriority=\"high\" decoding=\"async\" class=\"aligncenter wp-image-3041 size-full\" src=\"https:\/\/www.uees.edu.sv\/biblioteca\/wp-content\/uploads\/2021\/09\/biblioteca1.jpg\" alt=\"\" width=\"1300\" height=\"763\" srcset=\"https:\/\/www.uees.edu.sv\/biblioteca\/wp-content\/uploads\/2021\/09\/biblioteca1.jpg 1300w, https:\/\/www.uees.edu.sv\/biblioteca\/wp-content\/uploads\/2021\/09\/biblioteca1-300x176.jpg 300w, https:\/\/www.uees.edu.sv\/biblioteca\/wp-content\/uploads\/2021\/09\/biblioteca1-1024x601.jpg 1024w, https:\/\/www.uees.edu.sv\/biblioteca\/wp-content\/uploads\/2021\/09\/biblioteca1-768x451.jpg 768w, https:\/\/www.uees.edu.sv\/biblioteca\/wp-content\/uploads\/2021\/09\/biblioteca1-370x217.jpg 370w, https:\/\/www.uees.edu.sv\/biblioteca\/wp-content\/uploads\/2021\/09\/biblioteca1-760x446.jpg 760w, https:\/\/www.uees.edu.sv\/biblioteca\/wp-content\/uploads\/2021\/09\/biblioteca1-700x411.jpg 700w\" sizes=\"(max-width: 1300px) 100vw, 1300px\" \/><\/p>\n<p>&nbsp;<\/p>\n<p>[\/vc_column_text][\/vc_column][\/vc_row][vc_row][vc_column icons_position=&#8221;left&#8221;][vc_gallery type=&#8221;image_grid&#8221; images=&#8221;3004,2545,2561,3040&#8243; img_size=&#8221;300&#215;250&#8243;][\/vc_column][\/vc_row]<\/p>\n","protected":false},"excerpt":{"rendered":"<p>[vc_row][vc_column icons_position=&#8221;left&#8221;][vc_column_text] La Biblioteca central cuenta con conexiones de internet y wifi&hellip;<\/p>\n","protected":false},"author":1,"featured_media":0,"parent":0,"menu_order":0,"comment_status":"closed","ping_status":"closed","template":"","meta":{"give_campaign_id":0,"footnotes":""},"class_list":["post-2972","page","type-page","status-publish","hentry"],"campaignId":"","_links":{"self":[{"href":"https:\/\/www.uees.edu.sv\/biblioteca\/wp-json\/wp\/v2\/pages\/2972","targetHints":{"allow":["GET"]}}],"collection":[{"href":"https:\/\/www.uees.edu.sv\/biblioteca\/wp-json\/wp\/v2\/pages"}],"about":[{"href":"https:\/\/www.uees.edu.sv\/biblioteca\/wp-json\/wp\/v2\/types\/page"}],"author":[{"embeddable":true,"href":"https:\/\/www.uees.edu.sv\/biblioteca\/wp-json\/wp\/v2\/users\/1"}],"replies":[{"embeddable":true,"href":"https:\/\/www.uees.edu.sv\/biblioteca\/wp-json\/wp\/v2\/comments?post=2972"}],"version-history":[{"count":29,"href":"https:\/\/www.uees.edu.sv\/biblioteca\/wp-json\/wp\/v2\/pages\/2972\/revisions"}],"predecessor-version":[{"id":3461,"href":"https:\/\/www.uees.edu.sv\/biblioteca\/wp-json\/wp\/v2\/pages\/2972\/revisions\/3461"}],"wp:attachment":[{"href":"https:\/\/www.uees.edu.sv\/biblioteca\/wp-json\/wp\/v2\/media?parent=2972"}],"curies":[{"name":"wp","href":"https:\/\/api.w.org\/{rel}","templated":true}]}}