{"id":2739,"date":"2021-09-08T22:43:00","date_gmt":"2021-09-08T22:43:00","guid":{"rendered":"https:\/\/www.uees.edu.sv\/biblioteca\/?page_id=2739"},"modified":"2021-09-10T22:40:34","modified_gmt":"2021-09-10T22:40:34","slug":"revistas","status":"publish","type":"page","link":"https:\/\/www.uees.edu.sv\/biblioteca\/revistas\/","title":{"rendered":"REVISTAS"},"content":{"rendered":"<p>[vc_row][vc_column icons_position=&#8221;left&#8221;][vc_column_text]<\/p>\n<div id=\"comp-jfwmsb3w\" class=\"_1Q9if\" style=\"text-align: justify;\" data-testid=\"richTextElement\">\n<h4 class=\"font_2\" style=\"text-align: center;\"><span class=\"color_33\">BIENVENIDO A LO M\u00c1S NUEVO EN REVISTAS<\/span><\/h4>\n<\/div>\n<div data-testid=\"richTextElement\"><\/div>\n<div id=\"comp-jfwmruqe\" class=\"_1Q9if\" data-testid=\"richTextElement\">\n<p class=\"font_8\" style=\"text-align: center;\">En esta secci\u00f3n encontrar\u00e1s lo m\u00e1s nuevo en revistas que ya est\u00e1n disponibles para que puedas consultarlas cuando m\u00e1s lo necesites<\/p>\n<\/div>\n<p>&nbsp;<\/p>\n<div id=\"comp-jfwmruqe\" class=\"_1Q9if\" data-testid=\"richTextElement\">\n<p>&nbsp;<\/p>\n<\/div>\n<p>[\/vc_column_text][\/vc_column][\/vc_row][vc_row][vc_column icons_position=&#8221;left&#8221;][vc_tta_tabs style=&#8221;modern&#8221; shape=&#8221;square&#8221; alignment=&#8221;center&#8221; active_section=&#8221;1&#8243; no_fill_content_area=&#8221;true&#8221; css=&#8221;.vc_custom_1631309794167{background-color: #ffffff !important;}&#8221;][vc_tta_section title=&#8221;REVISTAS&#8221; tab_id=&#8221;1631309600592-8a2451fa-ec08&#8243;][vc_masonry_media_grid grid_id=&#8221;vc_gid:1631309830546-ae7ee5cf-142c-0&#8243; include=&#8221;2740,2741,2742,2743,2744,2745,2746,2747,2748,2749,2750,2751,2752,2753&#8243;][\/vc_tta_section][\/vc_tta_tabs][\/vc_column][\/vc_row]<\/p>\n","protected":false},"excerpt":{"rendered":"<p>[vc_row][vc_column icons_position=&#8221;left&#8221;][vc_column_text] BIENVENIDO A LO M\u00c1S NUEVO EN REVISTAS En esta secci\u00f3n&hellip;<\/p>\n","protected":false},"author":1,"featured_media":0,"parent":0,"menu_order":0,"comment_status":"closed","ping_status":"closed","template":"","meta":{"give_campaign_id":0,"footnotes":""},"class_list":["post-2739","page","type-page","status-publish","hentry"],"campaignId":"","_links":{"self":[{"href":"https:\/\/www.uees.edu.sv\/biblioteca\/wp-json\/wp\/v2\/pages\/2739","targetHints":{"allow":["GET"]}}],"collection":[{"href":"https:\/\/www.uees.edu.sv\/biblioteca\/wp-json\/wp\/v2\/pages"}],"about":[{"href":"https:\/\/www.uees.edu.sv\/biblioteca\/wp-json\/wp\/v2\/types\/page"}],"author":[{"embeddable":true,"href":"https:\/\/www.uees.edu.sv\/biblioteca\/wp-json\/wp\/v2\/users\/1"}],"replies":[{"embeddable":true,"href":"https:\/\/www.uees.edu.sv\/biblioteca\/wp-json\/wp\/v2\/comments?post=2739"}],"version-history":[{"count":9,"href":"https:\/\/www.uees.edu.sv\/biblioteca\/wp-json\/wp\/v2\/pages\/2739\/revisions"}],"predecessor-version":[{"id":2904,"href":"https:\/\/www.uees.edu.sv\/biblioteca\/wp-json\/wp\/v2\/pages\/2739\/revisions\/2904"}],"wp:attachment":[{"href":"https:\/\/www.uees.edu.sv\/biblioteca\/wp-json\/wp\/v2\/media?parent=2739"}],"curies":[{"name":"wp","href":"https:\/\/api.w.org\/{rel}","templated":true}]}}