{"id":2604,"date":"2021-09-08T17:12:59","date_gmt":"2021-09-08T17:12:59","guid":{"rendered":"https:\/\/www.uees.edu.sv\/biblioteca\/?page_id=2604"},"modified":"2022-10-22T15:46:52","modified_gmt":"2022-10-22T15:46:52","slug":"facultad-de-ciencias-sociales","status":"publish","type":"page","link":"https:\/\/www.uees.edu.sv\/biblioteca\/facultad-de-ciencias-sociales\/","title":{"rendered":"FACULTAD DE CIENCIAS SOCIALES"},"content":{"rendered":"<p>[vc_row][vc_column icons_position=&#8221;left&#8221;][vc_column_text]<\/p>\n<div id=\"comp-jfwmsb3w\" class=\"_1Q9if\" style=\"text-align: justify;\" data-testid=\"richTextElement\"><\/div>\n<div id=\"comp-jfwmruqe\" class=\"_1Q9if\" data-testid=\"richTextElement\">\n<p class=\"font_8\" style=\"text-align: justify;\">La Facultad de Ciencias Sociales de la Universidad Evang\u00e9lica de El Salvador cuenta con 35 a\u00f1os de trayectoria formando a profesionales en las \u00e1reas de Psicolog\u00eda, Teolog\u00eda, Educaci\u00f3n Especial, Educaci\u00f3n Parvularia y Traducci\u00f3n e interpretaci\u00f3n del Idioma ingles.<\/p>\n<p class=\"font_8\" style=\"text-align: justify;\"><span class=\"wixGuard\">\u200b<\/span>Por ello, la Biblioteca Central pone a disposici\u00f3n de alumnos y docentes el nuevo material bibliogr\u00e1fico adecuado a cada una de las \u00e1reas antes mencionadas.<\/p>\n<p class=\"font_8\" style=\"text-align: justify;\"><span class=\"wixGuard\">\u200b<\/span>En esta secci\u00f3n se encuentran novedades de las ciencias sociales en materia general:<\/p>\n<\/div>\n<p>&nbsp;<\/p>\n<div id=\"comp-jfwmruqe\" class=\"_1Q9if\" data-testid=\"richTextElement\">\n<p>&nbsp;<\/p>\n<\/div>\n<p>[\/vc_column_text][\/vc_column][\/vc_row][vc_row][vc_column icons_position=&#8221;left&#8221;][vc_tta_tabs style=&#8221;flat&#8221; shape=&#8221;square&#8221; alignment=&#8221;center&#8221; active_section=&#8221;1&#8243; no_fill_content_area=&#8221;true&#8221; css=&#8221;.vc_custom_1631307932138{background-color: #ffffff !important;}&#8221;][vc_tta_section title=&#8221;LICENCIATURA EN PSICOLOG\u00cdA&#8221; tab_id=&#8221;1631305721583-045288f9-206a&#8221;][vc_column_text]<\/p>\n<div id=\"comp-jfvjvirs\" class=\"_1Q9if\" data-testid=\"richTextElement\">\n<h4 style=\"text-align: center;\"><span class=\"color_33\">NUEVAS ADQUISICIONES EN EL \u00c1REA<br \/>\nDE LICENCIATURA EN PSICOLOG\u00cdA<\/span><\/h4>\n<\/div>\n<div id=\"comp-jfvk2jkc\" class=\"_1Q9if\" data-testid=\"richTextElement\">\n<p class=\"font_8\" style=\"text-align: center;\"><span class=\"color_25\">En esta secci\u00f3n encontrar\u00e1s lo m\u00e1s novedoso en el \u00e1rea de la Psicolog\u00eda.<\/span><\/p>\n<\/div>\n<p>[\/vc_column_text][vc_masonry_media_grid element_width=&#8221;3&#8243; grid_id=&#8221;vc_gid:1666453389707-4d1ede93-d617-0&#8243; include=&#8221;4019,4001,4002,4003,4004,4005,4006,4007,4008,4009,4010,4011,4012,4013,4014,4015,4016,4017&#8243;][\/vc_tta_section][vc_tta_section title=&#8221;LICENCIATURA EN TEOLOG\u00cdA&#8221; tab_id=&#8221;1631305721596-e40c083b-7127&#8243;][vc_column_text]<\/p>\n<div id=\"comp-jfvkimgg\" class=\"_1Q9if\" data-testid=\"richTextElement\">\n<h4 class=\"font_2\" style=\"text-align: center;\"><span class=\"color_33\">NUEVAS ADQUISICIONES EN EL \u00c1REA DE TEOLOG\u00cdA<\/span><\/h4>\n<\/div>\n<div id=\"comp-jfvkj6v2\" class=\"_1Q9if\" data-testid=\"richTextElement\">\n<p class=\"font_8\" style=\"text-align: center;\"><span class=\"color_25\">En esta secci\u00f3n encontrar\u00e1s lo m\u00e1s novedoso en el \u00e1rea de Teolog\u00eda.<\/span><\/p>\n<\/div>\n<p>[\/vc_column_text][vc_masonry_media_grid element_width=&#8221;3&#8243; grid_id=&#8221;vc_gid:1666453389708-60a2c5b0-0447-10&#8243; include=&#8221;4030,4031,4021,4022,4023,4024,4025,4026,4027,4028,4029&#8243;][\/vc_tta_section][vc_tta_section title=&#8221;LICENCIATURA EN EDUCACION ESPECIAL&#8221; tab_id=&#8221;1631307649762-af6195b1-e9cc&#8221;][vc_column_text]<\/p>\n<div id=\"comp-jfvkvg42\" class=\"_1Q9if\" data-testid=\"richTextElement\">\n<h4 class=\"font_2\" style=\"text-align: center;\"><span class=\"color_33\">NUEVAS ADQUISICIONES EN EL \u00c1REA DE EDUCACION ESPECIAL<\/span><\/h4>\n<\/div>\n<div id=\"comp-jfvkwfaq\" class=\"_1Q9if\" data-testid=\"richTextElement\">\n<p class=\"font_8\" style=\"text-align: center;\"><span class=\"color_25\">En esta secci\u00f3n encontrar\u00e1s lo m\u00e1s novedoso en el \u00e1rea de la educaci\u00f3n especial.<\/span><\/p>\n<\/div>\n<p>[\/vc_column_text][vc_masonry_media_grid element_width=&#8221;6&#8243; grid_id=&#8221;vc_gid:1666453389709-9fe1e6c0-25aa-3&#8243; include=&#8221;2612&#8243;][\/vc_tta_section][vc_tta_section title=&#8221;LICENCIATURA EN TRADUCCI\u00d3N E INTERPRETACI\u00d3N DEL IDIOMA INGLES&#8221; tab_id=&#8221;1631307766824-b170e8bf-2fda&#8221;][vc_column_text]<\/p>\n<h4 class=\"font_2\" style=\"text-align: center;\"><span class=\"color_33\">NUEVAS ADQUISICIONES EN LA TRADUCCI\u00d3N E INTERPRETACION DEL IDIOMA INGLES<\/span><\/h4>\n<p>[\/vc_column_text][vc_masonry_media_grid grid_id=&#8221;vc_gid:1666453389709-1a3b4410-30d2-1&#8243; include=&#8221;4041,4033,4034,4035,4036,4037,4038,4039&#8243;][\/vc_tta_section][vc_tta_section title=&#8221;PROFESORADO Y LICENCIATURA EN EDUCACI\u00d3N INICIAL Y PARVULARIA&#8221; tab_id=&#8221;1631307851730-f88c545f-97cb&#8221;][vc_column_text]<\/p>\n<h4 class=\"font_2\" style=\"text-align: center;\"><span class=\"color_33\">NUEVAS ADQUISICIONES PARA EL \u00c1REA DE EDUCACI\u00d3N PARVULARIA<\/span><\/h4>\n<p>[\/vc_column_text][vc_masonry_media_grid element_width=&#8221;3&#8243; grid_id=&#8221;vc_gid:1666453389709-1b2077c1-ef79-9&#8243; include=&#8221;3805,4060,4061&#8243;][\/vc_tta_section][vc_tta_section title=&#8221;PROFESORADO Y LICENCIATURA EN EDUCACI\u00d3N ESPECIAL&#8221; tab_id=&#8221;1645462607857-e610033e-6538&#8243;][vc_masonry_media_grid element_width=&#8221;3&#8243; grid_id=&#8221;vc_gid:1666453389710-893291da-c47f-7&#8243; include=&#8221;4044,4045,4046,4047,4048,4049,4050,4051,4052,4053,4054,4055,4056,4057,4058&#8243;][\/vc_tta_section][\/vc_tta_tabs][\/vc_column][\/vc_row]<\/p>\n","protected":false},"excerpt":{"rendered":"<p>[vc_row][vc_column icons_position=&#8221;left&#8221;][vc_column_text] La Facultad de Ciencias Sociales de la Universidad Evang\u00e9lica de&hellip;<\/p>\n","protected":false},"author":1,"featured_media":0,"parent":0,"menu_order":0,"comment_status":"closed","ping_status":"closed","template":"","meta":{"give_campaign_id":0,"footnotes":""},"class_list":["post-2604","page","type-page","status-publish","hentry"],"campaignId":"","_links":{"self":[{"href":"https:\/\/www.uees.edu.sv\/biblioteca\/wp-json\/wp\/v2\/pages\/2604","targetHints":{"allow":["GET"]}}],"collection":[{"href":"https:\/\/www.uees.edu.sv\/biblioteca\/wp-json\/wp\/v2\/pages"}],"about":[{"href":"https:\/\/www.uees.edu.sv\/biblioteca\/wp-json\/wp\/v2\/types\/page"}],"author":[{"embeddable":true,"href":"https:\/\/www.uees.edu.sv\/biblioteca\/wp-json\/wp\/v2\/users\/1"}],"replies":[{"embeddable":true,"href":"https:\/\/www.uees.edu.sv\/biblioteca\/wp-json\/wp\/v2\/comments?post=2604"}],"version-history":[{"count":77,"href":"https:\/\/www.uees.edu.sv\/biblioteca\/wp-json\/wp\/v2\/pages\/2604\/revisions"}],"predecessor-version":[{"id":4062,"href":"https:\/\/www.uees.edu.sv\/biblioteca\/wp-json\/wp\/v2\/pages\/2604\/revisions\/4062"}],"wp:attachment":[{"href":"https:\/\/www.uees.edu.sv\/biblioteca\/wp-json\/wp\/v2\/media?parent=2604"}],"curies":[{"name":"wp","href":"https:\/\/api.w.org\/{rel}","templated":true}]}}

<p>[vc_row][vc_column icons_position=&#8221;left&#8221;][vc_column_text]</p>
<div id="comp-jfwmsb3w" class="_1Q9if" style="text-align: justify;" data-testid="richTextElement"></div>
<div id="comp-jfwmruqe" class="_1Q9if" data-testid="richTextElement">
<p class="font_8" style="text-align: justify;">La Facultad de Ciencias Sociales de la Universidad Evangélica de El Salvador cuenta con 35 años de trayectoria formando a profesionales en las áreas de Psicología, Teología, Educación Especial, Educación Parvularia y Traducción e interpretación del Idioma ingles.</p>
<p class="font_8" style="text-align: justify;"><span class="wixGuard">​</span>Por ello, la Biblioteca Central pone a disposición de alumnos y docentes el nuevo material bibliográfico adecuado a cada una de las áreas antes mencionadas.</p>
<p class="font_8" style="text-align: justify;"><span class="wixGuard">​</span>En esta sección se encuentran novedades de las ciencias sociales en materia general:</p>
</div>
<p>&nbsp;</p>
<div id="comp-jfwmruqe" class="_1Q9if" data-testid="richTextElement">
<p>&nbsp;</p>
</div>
<p>[/vc_column_text][/vc_column][/vc_row][vc_row][vc_column icons_position=&#8221;left&#8221;][vc_tta_tabs style=&#8221;flat&#8221; shape=&#8221;square&#8221; alignment=&#8221;center&#8221; active_section=&#8221;1&#8243; no_fill_content_area=&#8221;true&#8221; css=&#8221;.vc_custom_1631307932138{background-color: #ffffff !important;}&#8221;][vc_tta_section title=&#8221;LICENCIATURA EN PSICOLOGÍA&#8221; tab_id=&#8221;1631305721583-045288f9-206a&#8221;][vc_column_text]</p>
<div id="comp-jfvjvirs" class="_1Q9if" data-testid="richTextElement">
<h4 style="text-align: center;"><span class="color_33">NUEVAS ADQUISICIONES EN EL ÁREA<br />
DE LICENCIATURA EN PSICOLOGÍA</span></h4>
</div>
<div id="comp-jfvk2jkc" class="_1Q9if" data-testid="richTextElement">
<p class="font_8" style="text-align: center;"><span class="color_25">En esta sección encontrarás lo más novedoso en el área de la Psicología.</span></p>
</div>
<p>[/vc_column_text][vc_masonry_media_grid element_width=&#8221;3&#8243; grid_id=&#8221;vc_gid:1666453389707-4d1ede93-d617-0&#8243; include=&#8221;4019,4001,4002,4003,4004,4005,4006,4007,4008,4009,4010,4011,4012,4013,4014,4015,4016,4017&#8243;][/vc_tta_section][vc_tta_section title=&#8221;LICENCIATURA EN TEOLOGÍA&#8221; tab_id=&#8221;1631305721596-e40c083b-7127&#8243;][vc_column_text]</p>
<div id="comp-jfvkimgg" class="_1Q9if" data-testid="richTextElement">
<h4 class="font_2" style="text-align: center;"><span class="color_33">NUEVAS ADQUISICIONES EN EL ÁREA DE TEOLOGÍA</span></h4>
</div>
<div id="comp-jfvkj6v2" class="_1Q9if" data-testid="richTextElement">
<p class="font_8" style="text-align: center;"><span class="color_25">En esta sección encontrarás lo más novedoso en el área de Teología.</span></p>
</div>
<p>[/vc_column_text][vc_masonry_media_grid element_width=&#8221;3&#8243; grid_id=&#8221;vc_gid:1666453389708-60a2c5b0-0447-10&#8243; include=&#8221;4030,4031,4021,4022,4023,4024,4025,4026,4027,4028,4029&#8243;][/vc_tta_section][vc_tta_section title=&#8221;LICENCIATURA EN EDUCACION ESPECIAL&#8221; tab_id=&#8221;1631307649762-af6195b1-e9cc&#8221;][vc_column_text]</p>
<div id="comp-jfvkvg42" class="_1Q9if" data-testid="richTextElement">
<h4 class="font_2" style="text-align: center;"><span class="color_33">NUEVAS ADQUISICIONES EN EL ÁREA DE EDUCACION ESPECIAL</span></h4>
</div>
<div id="comp-jfvkwfaq" class="_1Q9if" data-testid="richTextElement">
<p class="font_8" style="text-align: center;"><span class="color_25">En esta sección encontrarás lo más novedoso en el área de la educación especial.</span></p>
</div>
<p>[/vc_column_text][vc_masonry_media_grid element_width=&#8221;6&#8243; grid_id=&#8221;vc_gid:1666453389709-9fe1e6c0-25aa-3&#8243; include=&#8221;2612&#8243;][/vc_tta_section][vc_tta_section title=&#8221;LICENCIATURA EN TRADUCCIÓN E INTERPRETACIÓN DEL IDIOMA INGLES&#8221; tab_id=&#8221;1631307766824-b170e8bf-2fda&#8221;][vc_column_text]</p>
<h4 class="font_2" style="text-align: center;"><span class="color_33">NUEVAS ADQUISICIONES EN LA TRADUCCIÓN E INTERPRETACION DEL IDIOMA INGLES</span></h4>
<p>[/vc_column_text][vc_masonry_media_grid grid_id=&#8221;vc_gid:1666453389709-1a3b4410-30d2-1&#8243; include=&#8221;4041,4033,4034,4035,4036,4037,4038,4039&#8243;][/vc_tta_section][vc_tta_section title=&#8221;PROFESORADO Y LICENCIATURA EN EDUCACIÓN INICIAL Y PARVULARIA&#8221; tab_id=&#8221;1631307851730-f88c545f-97cb&#8221;][vc_column_text]</p>
<h4 class="font_2" style="text-align: center;"><span class="color_33">NUEVAS ADQUISICIONES PARA EL ÁREA DE EDUCACIÓN PARVULARIA</span></h4>
<p>[/vc_column_text][vc_masonry_media_grid element_width=&#8221;3&#8243; grid_id=&#8221;vc_gid:1666453389709-1b2077c1-ef79-9&#8243; include=&#8221;3805,4060,4061&#8243;][/vc_tta_section][vc_tta_section title=&#8221;PROFESORADO Y LICENCIATURA EN EDUCACIÓN ESPECIAL&#8221; tab_id=&#8221;1645462607857-e610033e-6538&#8243;][vc_masonry_media_grid element_width=&#8221;3&#8243; grid_id=&#8221;vc_gid:1666453389710-893291da-c47f-7&#8243; include=&#8221;4044,4045,4046,4047,4048,4049,4050,4051,4052,4053,4054,4055,4056,4057,4058&#8243;][/vc_tta_section][/vc_tta_tabs][/vc_column][/vc_row]</p>

<p>[vc_row][vc_column icons_position=&#8221;left&#8221;][vc_column_text] La Facultad de Ciencias Sociales de la Universidad Evangélica de&hellip;</p>
